{"text_format":"1","workbook":"xlsx","n_sheets":7,"sheets":["Parameters","XOM","MCD","BP","KO","KKR","Collated Dividends"],"not_rendered":{"charts":0,"images":1,"macros":1,"external_links":0,"defined_names":10,"comments":0,"pivot_tables":0},"unopened":[],"bounds":{"document_bytes":16777216,"sheet_cells":100000,"rows_first":2000,"rows_last":500,"rows_between":2000,"halvings":0,"cell_chars":16384,"cell_head_chars":4096},"cells_cut":0,"cells_raw":0,"read":"whole","date_system":"1900"}

{"sheet":"Parameters","index":0,"n_rows":16,"n_cols":12,"rows_kept":16,"cut":false,"hidden":false,"merged":[]}
["Bulk Dividend Analyzer"]
["http://investexcel.net",null,null,null,null,null,null,null,null,"Samir Khan"]
[null,null,null,null,null,null,null,null,null,"simulationconsultant@gmail.com"]
["Parameters",null,null,null,null,null,null,false]
["Start Date",2000,null,null,null,null,null,true,null,"Please link to http://investexcel.net if you like this spreadsheet :)"]
["End Date",2014,null,null,null,null,null,true]
[null,"c:\\temp\\"]
[]
[]
[null,null,null,null,null,null,null,null,null,"Failed for these Tickers",null,"Success for these Tickers"]
["Enter Tickers Below",null,null,null,null,null,null,null,null,null,null,"XOM"]
["XOM",null,null,null,null,null,null,null,null,null,null,"MCD"]
["MCD",null,null,null,null,null,null,null,null,null,null,"BP"]
["BP",null,null,null,null,null,null,null,null,null,null,"KO"]
["KO",null,null,null,null,null,null,null,null,null,null,"KKR"]
["KKR"]

{"sheet":"XOM","index":1,"n_rows":63,"n_cols":8,"rows_kept":63,"cut":false,"hidden":false,"merged":[]}
["Historical Dividends for XOM"]
["Date","Dividends",null,"Year","Total Dividends","Growth Rate","Start Date","2000-02-09"]
["2000-02-09",0.22,null,2000,0.88,null,"End Date","2014-11-07"]
["2000-05-11",0.22,null,2001,0.91,{"$f":" (E4 - E3) / E3","v":3.4090909090909123E-2},"Days in Range",5385]
["2000-08-10",0.22,null,2002,0.92,1.0989010989010999E-2,"Years in Range",15]
["2000-11-09",0.22,null,2003,0.98,6.5217391304347755E-2,"Start Dividend",0.88]
["2001-02-07",0.22,null,2004,1.06,8.1632653061224567E-2,"End Dividend",2.6999999999999997]
["2001-05-10",0.22,null,2005,1.1400000000000001,7.5471698113207614E-2,"CAGR",7.7602870213686392E-2]
["2001-06-18",0.01,null,2006,1.28,0.12280701754385955]
["2001-08-09",0.23,null,2007,1.37,7.0312500000000056E-2]
["2001-11-07",0.23,null,2008,1.5499999999999998,0.1313868613138684]
["2002-02-07",0.23,null,2009,1.66,7.0967741935483941E-2]
["2002-05-09",0.23,null,2010,1.74,4.8192771084337394E-2]
["2002-08-09",0.23,null,2011,1.8499999999999999,6.3218390804597624E-2]
["2002-11-07",0.23,null,2012,2.1799999999999997,0.17837837837837831]
["2003-02-06",0.23,null,2013,2.46,0.12844036697247718]
["2003-05-09",0.25,null,2014,2.6999999999999997,9.7560975609756004E-2]
["2003-08-11",0.25]
["2003-11-07",0.25,null,null,"Average Growth",{"$f":"AVERAGE(F4:F17)","v":8.4190476157247035E-2}]
["2004-02-09",0.25]
["2004-05-11",0.27]
["2004-08-11",0.27]
["2004-11-09",0.27]
["2005-02-08",0.27]
["2005-05-11",0.28999999999999998]
["2005-08-10",0.28999999999999998]
["2005-11-08",0.28999999999999998]
["2006-02-08",0.32]
["2006-05-10",0.32]
["2006-08-10",0.32]
["2006-11-09",0.32]
["2007-02-07",0.32]
["2007-05-10",0.35]
["2007-08-09",0.35]
["2007-11-07",0.35]
["2008-02-07",0.35]
["2008-05-09",0.4]
["2008-08-11",0.4]
["2008-11-07",0.4]
["2009-02-06",0.4]
["2009-05-11",0.42]
["2009-08-11",0.42]
["2009-11-09",0.42]
["2010-02-08",0.42]
["2010-05-11",0.44]
["2010-08-11",0.44]
["2010-11-09",0.44]
["2011-02-08",0.44]
["2011-05-11",0.47]
["2011-08-10",0.47]
["2011-11-08",0.47]
["2012-02-08",0.47]
["2012-05-10",0.56999999999999995]
["2012-08-09",0.56999999999999995]
["2012-11-07",0.56999999999999995]
["2013-02-07",0.56999999999999995]
["2013-05-09",0.63]
["2013-08-09",0.63]
["2013-11-07",0.63]
["2014-02-06",0.63]
["2014-05-09",0.69]
["2014-08-11",0.69]
["2014-11-07",0.69]

{"sheet":"MCD","index":2,"n_rows":38,"n_cols":8,"rows_kept":38,"cut":false,"hidden":false,"merged":[]}
["Historical Dividends for MCD"]
["Date","Dividends",null,"Year","Total Dividends","Growth Rate","Start Date","2000-11-13"]
["2000-11-13",0.215,null,2000,0.215,null,"End Date","2014-11-26"]
["2001-11-13",0.22500000000000001,null,2001,0.22500000000000001,{"$f":" (E4 - E3) / E3","v":4.6511627906976785E-2},"Days in Range",5126]
["2002-11-13",0.23499999999999999,null,2002,0.23499999999999999,4.4444444444444363E-2,"Years in Range",14]
["2003-11-12",0.4,null,2003,0.4,0.70212765957446832,"Start Dividend",0.215]
["2004-11-10",0.55000000000000004,null,2004,0.55000000000000004,0.37500000000000006,"End Dividend",3.2800000000000002]
["2005-11-10",0.67,null,2005,0.67,0.21818181818181814,"CAGR",0.21487361169974539]
["2006-11-13",1,null,2006,1,0.49253731343283574]
["2007-11-13",1.5,null,2007,1.5,0.5]
["2008-02-28",0.375,null,2008,1.625,8.3333333333333329E-2]
["2008-06-05",0.375,null,2009,2.0499999999999998,0.26153846153846144]
["2008-08-28",0.375,null,2010,2.2600000000000002,0.1024390243902441]
["2008-11-26",0.5,null,2011,2.5300000000000002,0.11946902654867256]
["2009-02-26",0.5,null,2012,2.8699999999999997,0.13438735177865588]
["2009-06-04",0.5,null,2013,3.12,8.7108013937282389E-2]
["2009-08-28",0.5,null,2014,3.2800000000000002,5.1282051282051329E-2]
["2009-11-27",0.55000000000000004]
["2010-02-25",0.55000000000000004,null,null,"Average Growth",{"$f":"AVERAGE(F4:F17)","v":0.22988286616780318}]
["2010-05-27",0.55000000000000004]
["2010-08-30",0.55000000000000004]
["2010-11-29",0.61]
["2011-02-25",0.61]
["2011-05-27",0.61]
["2011-08-30",0.61]
["2011-11-29",0.7]
["2012-02-28",0.7]
["2012-05-31",0.7]
["2012-08-30",0.7]
["2012-11-29",0.77]
["2013-02-27",0.77]
["2013-05-30",0.77]
["2013-08-29",0.77]
["2013-11-27",0.81]
["2014-02-27",0.81]
["2014-05-29",0.81]
["2014-08-28",0.81]
["2014-11-26",0.85]

{"sheet":"BP","index":3,"n_rows":60,"n_cols":8,"rows_kept":60,"cut":false,"hidden":false,"merged":[]}
["Historical Dividends for BP"]
["Date","Dividends",null,"Year","Total Dividends","Growth Rate","Start Date","2000-02-23"]
["2000-02-23",0.33300000000000002,null,2000,1.3490000000000002,null,"End Date","2014-11-05"]
["2000-05-17",0.33300000000000002,null,2001,1.4339999999999999,{"$f":" (E4 - E3) / E3","v":6.3009636767976079E-2},"Days in Range",5369]
["2000-08-16",0.33300000000000002,null,2002,1.5659999999999998,9.2050209205020855E-2,"Years in Range",15]
["2000-11-15",0.35,null,2003,1.6580000000000001,5.8748403575989983E-2,"Start Dividend",1.3490000000000002]
["2001-02-21",0.35,null,2004,1.7069999999999999,2.9553679131483539E-2,"End Dividend",2.34]
["2001-05-16",0.35,null,2005,2.0920000000000001,0.22554188635032235,"CAGR",3.7401632738625512E-2]
["2001-08-15",0.36699999999999999,null,2006,2.3059999999999996,0.10229445506692138]
["2001-11-14",0.36699999999999999,null,2007,2.54,0.10147441457068537]
["2002-02-20",0.38300000000000001,null,2008,3.3039999999999998,0.30078740157480305]
["2002-05-15",0.38300000000000001,null,2009,3.36,1.6949152542372899E-2]
["2002-08-14",0.4,null,2010,1.68,-0.5]
["2002-11-13",0.4,null,2011,1.68,0]
["2003-02-26",0.41699999999999998,null,2012,1.98,0.1785714285714286]
["2003-05-14",0.375,null,2013,2.19,0.10606060606060605]
["2003-08-13",0.433,null,2014,2.34,6.8493150684931461E-2]
["2003-11-12",0.433]
["2004-02-18",0.45,null,null,"Average Growth",{"$f":"AVERAGE(F4:F17)","v":6.0252458864467263E-2}]
["2004-05-12",0.40500000000000003]
["2004-08-11",0.42599999999999999]
["2004-11-09",0.42599999999999999]
["2005-02-16",0.51]
["2005-05-11",0.51]
["2005-08-10",0.53600000000000003]
["2005-11-08",0.53600000000000003]
["2006-02-22",0.56299999999999994]
["2006-05-10",0.56299999999999994]
["2006-08-09",0.59]
["2006-11-08",0.59]
["2007-02-21",0.62]
["2007-05-09",0.62]
["2007-08-08",0.65]
["2007-11-07",0.65]
["2008-02-20",0.81200000000000006]
["2008-05-14",0.81200000000000006]
["2008-08-13",0.84]
["2008-11-12",0.84]
["2009-02-18",0.84]
["2009-05-13",0.84]
["2009-08-12",0.84]
["2009-11-10",0.84]
["2010-02-17",0.84]
["2010-05-05",0.84]
["2011-02-09",0.42]
["2011-05-11",0.42]
["2011-08-03",0.42]
["2011-11-02",0.42]
["2012-02-15",0.48]
["2012-05-09",0.48]
["2012-08-08",0.48]
["2012-11-07",0.54]
["2013-02-13",0.54]
["2013-05-08",0.54]
["2013-08-07",0.54]
["2013-11-06",0.56999999999999995]
["2014-02-12",0.56999999999999995]
["2014-05-07",0.58499999999999996]
["2014-08-06",0.58499999999999996]
["2014-11-05",0.6]

{"sheet":"KO","index":4,"n_rows":62,"n_cols":8,"rows_kept":62,"cut":false,"hidden":false,"merged":[]}
["Historical Dividends for KO"]
["Date","Dividends",null,"Year","Total Dividends","Growth Rate","Start Date","2000-03-13"]
["2000-03-13",8.5000000000000006E-2,null,2000,0.34,null,"End Date","2014-11-26"]
["2000-06-13",8.5000000000000006E-2,null,2001,0.44999999999999996,{"$f":" (E4 - E3) / E3","v":0.32352941176470568},"Days in Range",5371]
["2000-09-13",8.5000000000000006E-2,null,2002,0.4,-0.11111111111111098,"Years in Range",15]
["2000-11-29",8.5000000000000006E-2,null,2003,0.44,9.999999999999995E-2,"Start Dividend",0.34]
["2001-03-13",0.09,null,2004,0.5,0.13636363636363635,"End Dividend",1.22]
["2001-06-13",0.09,null,2005,0.56000000000000005,0.12000000000000011,"CAGR",8.8910187401794571E-2]
["2001-09-12",0.18,null,2006,0.62,0.10714285714285703]
["2001-11-28",0.09,null,2007,0.68,9.6774193548387177E-2]
["2002-03-13",0.1,null,2008,0.76,0.11764705882352934]
["2002-06-12",0.1,null,2009,0.82,7.8947368421052558E-2]
["2002-09-11",0.1,null,2010,0.88,7.3170731707317138E-2]
["2002-11-26",0.1,null,2011,0.94,6.8181818181818121E-2]
["2003-03-12",0.11,null,2012,1.02,8.5106382978723485E-2]
["2003-06-11",0.11,null,2013,1.1200000000000001,9.8039215686274592E-2]
["2003-09-11",0.11,null,2014,1.22,8.9285714285714163E-2]
["2003-11-26",0.11]
["2004-03-11",0.125,null,null,"Average Growth",{"$f":"AVERAGE(F4:F17)","v":9.8791234128064634E-2}]
["2004-06-14",0.125]
["2004-09-13",0.125]
["2004-11-29",0.125]
["2005-03-11",0.14000000000000001]
["2005-06-13",0.14000000000000001]
["2005-09-13",0.14000000000000001]
["2005-11-29",0.14000000000000001]
["2006-03-13",0.155]
["2006-06-13",0.155]
["2006-09-13",0.155]
["2006-11-29",0.155]
["2007-03-13",0.17]
["2007-06-13",0.17]
["2007-09-12",0.17]
["2007-11-28",0.17]
["2008-03-12",0.19]
["2008-06-11",0.19]
["2008-09-11",0.19]
["2008-11-26",0.19]
["2009-03-11",0.20499999999999999]
["2009-06-11",0.20499999999999999]
["2009-09-11",0.20499999999999999]
["2009-11-27",0.20499999999999999]
["2010-03-11",0.22]
["2010-06-11",0.22]
["2010-09-13",0.22]
["2010-11-29",0.22]
["2011-03-11",0.23499999999999999]
["2011-06-13",0.23499999999999999]
["2011-09-13",0.23499999999999999]
["2011-11-29",0.23499999999999999]
["2012-03-13",0.255]
["2012-06-13",0.255]
["2012-09-12",0.255]
["2012-11-28",0.255]
["2013-03-13",0.28000000000000003]
["2013-06-12",0.28000000000000003]
["2013-09-12",0.28000000000000003]
["2013-11-27",0.28000000000000003]
["2014-03-12",0.30499999999999999]
["2014-06-12",0.30499999999999999]
["2014-09-11",0.30499999999999999]
["2014-11-26",0.30499999999999999]

{"sheet":"KKR","index":5,"n_rows":20,"n_cols":8,"rows_kept":20,"cut":false,"hidden":false,"merged":[]}
["Historical Dividends for KKR"]
["Date","Dividends",null,"Year","Total Dividends","Growth Rate","Start Date","2010-08-20"]
["2010-08-20",0.08,null,2010,0.22999999999999998,null,"End Date","2014-10-30"]
["2010-11-09",0.15,null,2011,0.71,{"$f":" (E4 - E3) / E3","v":2.0869565217391304},"Days in Range",1532]
["2011-03-03",0.28999999999999998,null,2012,0.84,0.18309859154929578,"Years in Range",4]
["2011-05-12",0.21,null,2013,1.6199999999999999,0.92857142857142849,"Start Dividend",0.22999999999999998]
["2011-08-11",0.11,null,2014,2.0300000000000002,0.25308641975308666,"End Dividend",2.0300000000000002]
["2011-11-09",0.1,null,null,null,null,"CAGR",0.72362208638398973]
["2012-02-16",0.32,null,null,"Average Growth",{"$f":"AVERAGE(F4:F7)","v":0.86292824040323535}]
["2012-05-03",0.15]
["2012-08-02",0.13]
["2012-11-01",0.24]
["2013-02-14",0.7]
["2013-05-02",0.27]
["2013-08-01",0.42]
["2013-10-31",0.23]
["2014-02-13",0.48]
["2014-05-07",0.43]
["2014-07-31",0.67]
["2014-10-30",0.45]

{"sheet":"Collated Dividends","index":6,"n_rows":5480,"n_cols":6,"rows_kept":5480,"cut":false,"hidden":false,"merged":[]}
[null,"XOM","MCD","BP","KO","KKR"]
["2000-01-01"]
["2000-01-02"]
["2000-01-03"]
["2000-01-04"]
["2000-01-05"]
["2000-01-06"]
["2000-01-07"]
["2000-01-08"]
["2000-01-09"]
["2000-01-10"]
["2000-01-11"]
["2000-01-12"]
["2000-01-13"]
["2000-01-14"]
["2000-01-15"]
["2000-01-16"]
["2000-01-17"]
["2000-01-18"]
["2000-01-19"]
["2000-01-20"]
["2000-01-21"]
["2000-01-22"]
["2000-01-23"]
["2000-01-24"]
["2000-01-25"]
["2000-01-26"]
["2000-01-27"]
["2000-01-28"]
["2000-01-29"]
["2000-01-30"]
["2000-01-31"]
["2000-02-01"]
["2000-02-02"]
["2000-02-03"]
["2000-02-04"]
["2000-02-05"]
["2000-02-06"]
["2000-02-07"]
["2000-02-08"]
["2000-02-09",{"$f":"VLOOKUP(A41,XOM!A$2:B$5479,2,0)","v":0.22}]
["2000-02-10"]
["2000-02-11"]
["2000-02-12"]
["2000-02-13"]
["2000-02-14"]
["2000-02-15"]
["2000-02-16"]
["2000-02-17"]
["2000-02-18"]
["2000-02-19"]
["2000-02-20"]
["2000-02-21"]
["2000-02-22"]
["2000-02-23",null,null,{"$f":"VLOOKUP(A55,BP!A$2:B$5479,2,0)","v":0.33300000000000002}]
["2000-02-24"]
["2000-02-25"]
["2000-02-26"]
["2000-02-27"]
["2000-02-28"]
["2000-02-29"]
["2000-03-01"]
["2000-03-02"]
["2000-03-03"]
["2000-03-04"]
["2000-03-05"]
["2000-03-06"]
["2000-03-07"]
["2000-03-08"]
["2000-03-09"]
["2000-03-10"]
["2000-03-11"]
["2000-03-12"]
["2000-03-13",null,null,null,{"$f":"VLOOKUP(A74,KO!A$2:B$5479,2,0)","v":8.5000000000000006E-2}]
["2000-03-14"]
["2000-03-15"]
["2000-03-16"]
["2000-03-17"]
["2000-03-18"]
["2000-03-19"]
["2000-03-20"]
["2000-03-21"]
["2000-03-22"]
["2000-03-23"]
["2000-03-24"]
["2000-03-25"]
["2000-03-26"]
["2000-03-27"]
["2000-03-28"]
["2000-03-29"]
["2000-03-30"]
["2000-03-31"]
["2000-04-01"]
["2000-04-02"]
["2000-04-03"]
["2000-04-04"]
["2000-04-05"]
["2000-04-06"]
["2000-04-07"]
["2000-04-08"]
["2000-04-09"]
["2000-04-10"]
["2000-04-11"]
["2000-04-12"]
["2000-04-13"]
["2000-04-14"]
["2000-04-15"]
["2000-04-16"]
["2000-04-17"]
["2000-04-18"]
["2000-04-19"]
["2000-04-20"]
["2000-04-21"]
["2000-04-22"]
["2000-04-23"]
["2000-04-24"]
["2000-04-25"]
["2000-04-26"]
["2000-04-27"]
["2000-04-28"]
["2000-04-29"]
["2000-04-30"]
["2000-05-01"]
["2000-05-02"]
["2000-05-03"]
["2000-05-04"]
["2000-05-05"]
["2000-05-06"]
["2000-05-07"]
["2000-05-08"]
["2000-05-09"]
["2000-05-10"]
["2000-05-11",{"$f":"VLOOKUP(A133,XOM!A$2:B$5479,2,0)","v":0.22}]
["2000-05-12"]
["2000-05-13"]
["2000-05-14"]
["2000-05-15"]
["2000-05-16"]
["2000-05-17",null,null,{"$f":"VLOOKUP(A139,BP!A$2:B$5479,2,0)","v":0.33300000000000002}]
["2000-05-18"]
["2000-05-19"]
["2000-05-20"]
["2000-05-21"]
["2000-05-22"]
["2000-05-23"]
["2000-05-24"]
["2000-05-25"]
["2000-05-26"]
["2000-05-27"]
["2000-05-28"]
["2000-05-29"]
["2000-05-30"]
["2000-05-31"]
["2000-06-01"]
["2000-06-02"]
["2000-06-03"]
["2000-06-04"]
["2000-06-05"]
["2000-06-06"]
["2000-06-07"]
["2000-06-08"]
["2000-06-09"]
["2000-06-10"]
["2000-06-11"]
["2000-06-12"]
["2000-06-13",null,null,null,{"$f":"VLOOKUP(A166,KO!A$2:B$5479,2,0)","v":8.5000000000000006E-2}]
["2000-06-14"]
["2000-06-15"]
["2000-06-16"]
["2000-06-17"]
["2000-06-18"]
["2000-06-19"]
["2000-06-20"]
["2000-06-21"]
["2000-06-22"]
["2000-06-23"]
["2000-06-24"]
["2000-06-25"]
["2000-06-26"]
["2000-06-27"]
["2000-06-28"]
["2000-06-29"]
["2000-06-30"]
["2000-07-01"]
["2000-07-02"]
["2000-07-03"]
["2000-07-04"]
["2000-07-05"]
["2000-07-06"]
["2000-07-07"]
["2000-07-08"]
["2000-07-09"]
["2000-07-10"]
["2000-07-11"]
["2000-07-12"]
["2000-07-13"]
["2000-07-14"]
["2000-07-15"]
["2000-07-16"]
["2000-07-17"]
["2000-07-18"]
["2000-07-19"]
["2000-07-20"]
["2000-07-21"]
["2000-07-22"]
["2000-07-23"]
["2000-07-24"]
["2000-07-25"]
["2000-07-26"]
["2000-07-27"]
["2000-07-28"]
["2000-07-29"]
["2000-07-30"]
["2000-07-31"]
["2000-08-01"]
["2000-08-02"]
["2000-08-03"]
["2000-08-04"]
["2000-08-05"]
["2000-08-06"]
["2000-08-07"]
["2000-08-08"]
["2000-08-09"]
["2000-08-10",{"$f":"VLOOKUP(A224,XOM!A$2:B$5479,2,0)","v":0.22}]
["2000-08-11"]
["2000-08-12"]
["2000-08-13"]
["2000-08-14"]
["2000-08-15"]
["2000-08-16",null,null,{"$f":"VLOOKUP(A230,BP!A$2:B$5479,2,0)","v":0.33300000000000002}]
["2000-08-17"]
["2000-08-18"]
["2000-08-19"]
["2000-08-20"]
["2000-08-21"]
["2000-08-22"]
["2000-08-23"]
["2000-08-24"]
["2000-08-25"]
["2000-08-26"]
["2000-08-27"]
["2000-08-28"]
["2000-08-29"]
["2000-08-30"]
["2000-08-31"]
["2000-09-01"]
["2000-09-02"]
["2000-09-03"]
["2000-09-04"]
["2000-09-05"]
["2000-09-06"]
["2000-09-07"]
["2000-09-08"]
["2000-09-09"]
["2000-09-10"]
["2000-09-11"]
["2000-09-12"]
["2000-09-13",null,null,null,{"$f":"VLOOKUP(A258,KO!A$2:B$5479,2,0)","v":8.5000000000000006E-2}]
["2000-09-14"]
["2000-09-15"]
["2000-09-16"]
["2000-09-17"]
["2000-09-18"]
["2000-09-19"]
["2000-09-20"]
["2000-09-21"]
["2000-09-22"]
["2000-09-23"]
["2000-09-24"]
["2000-09-25"]
["2000-09-26"]
["2000-09-27"]
["2000-09-28"]
["2000-09-29"]
["2000-09-30"]
["2000-10-01"]
["2000-10-02"]
["2000-10-03"]
["2000-10-04"]
["2000-10-05"]
["2000-10-06"]
["2000-10-07"]
["2000-10-08"]
["2000-10-09"]
["2000-10-10"]
["2000-10-11"]
["2000-10-12"]
["2000-10-13"]
["2000-10-14"]
["2000-10-15"]
["2000-10-16"]
["2000-10-17"]
["2000-10-18"]
["2000-10-19"]
["2000-10-20"]
["2000-10-21"]
["2000-10-22"]
["2000-10-23"]
["2000-10-24"]
["2000-10-25"]
["2000-10-26"]
["2000-10-27"]
["2000-10-28"]
["2000-10-29"]
["2000-10-30"]
["2000-10-31"]
["2000-11-01"]
["2000-11-02"]
["2000-11-03"]
["2000-11-04"]
["2000-11-05"]
["2000-11-06"]
["2000-11-07"]
["2000-11-08"]
["2000-11-09",{"$f":"VLOOKUP(A315,XOM!A$2:B$5479,2,0)","v":0.22}]
["2000-11-10"]
["2000-11-11"]
["2000-11-12"]
["2000-11-13",null,{"$f":"VLOOKUP(A319,MCD!A$2:B$5479,2,0)","v":0.215}]
["2000-11-14"]
["2000-11-15",null,null,{"$f":"VLOOKUP(A321,BP!A$2:B$5479,2,0)","v":0.35}]
["2000-11-16"]
["2000-11-17"]
["2000-11-18"]
["2000-11-19"]
["2000-11-20"]
["2000-11-21"]
["2000-11-22"]
["2000-11-23"]
["2000-11-24"]
["2000-11-25"]
["2000-11-26"]
["2000-11-27"]
["2000-11-28"]
["2000-11-29",null,null,null,{"$f":"VLOOKUP(A335,KO!A$2:B$5479,2,0)","v":8.5000000000000006E-2}]
["2000-11-30"]
["2000-12-01"]
["2000-12-02"]
["2000-12-03"]
["2000-12-04"]
["2000-12-05"]
["2000-12-06"]
["2000-12-07"]
["2000-12-08"]
["2000-12-09"]
["2000-12-10"]
["2000-12-11"]
["2000-12-12"]
["2000-12-13"]
["2000-12-14"]
["2000-12-15"]
["2000-12-16"]
["2000-12-17"]
["2000-12-18"]
["2000-12-19"]
["2000-12-20"]
["2000-12-21"]
["2000-12-22"]
["2000-12-23"]
["2000-12-24"]
["2000-12-25"]
["2000-12-26"]
["2000-12-27"]
["2000-12-28"]
["2000-12-29"]
["2000-12-30"]
["2000-12-31"]
["2001-01-01"]
["2001-01-02"]
["2001-01-03"]
["2001-01-04"]
["2001-01-05"]
["2001-01-06"]
["2001-01-07"]
["2001-01-08"]
["2001-01-09"]
["2001-01-10"]
["2001-01-11"]
["2001-01-12"]
["2001-01-13"]
["2001-01-14"]
["2001-01-15"]
["2001-01-16"]
["2001-01-17"]
["2001-01-18"]
["2001-01-19"]
["2001-01-20"]
["2001-01-21"]
["2001-01-22"]
["2001-01-23"]
["2001-01-24"]
["2001-01-25"]
["2001-01-26"]
["2001-01-27"]
["2001-01-28"]
["2001-01-29"]
["2001-01-30"]
["2001-01-31"]
["2001-02-01"]
["2001-02-02"]
["2001-02-03"]
["2001-02-04"]
["2001-02-05"]
["2001-02-06"]
["2001-02-07",{"$f":"VLOOKUP(A405,XOM!A$2:B$5479,2,0)","v":0.22}]
["2001-02-08"]
["2001-02-09"]
["2001-02-10"]
["2001-02-11"]
["2001-02-12"]
["2001-02-13"]
["2001-02-14"]
["2001-02-15"]
["2001-02-16"]
["2001-02-17"]
["2001-02-18"]
["2001-02-19"]
["2001-02-20"]
["2001-02-21",null,null,{"$f":"VLOOKUP(A419,BP!A$2:B$5479,2,0)","v":0.35}]
["2001-02-22"]
["2001-02-23"]
["2001-02-24"]
["2001-02-25"]
["2001-02-26"]
["2001-02-27"]
["2001-02-28"]
["2001-03-01"]
["2001-03-02"]
["2001-03-03"]
["2001-03-04"]
["2001-03-05"]
["2001-03-06"]
["2001-03-07"]
["2001-03-08"]
["2001-03-09"]
["2001-03-10"]
["2001-03-11"]
["2001-03-12"]
["2001-03-13",null,null,null,{"$f":"VLOOKUP(A439,KO!A$2:B$5479,2,0)","v":0.09}]
["2001-03-14"]
["2001-03-15"]
["2001-03-16"]
["2001-03-17"]
["2001-03-18"]
["2001-03-19"]
["2001-03-20"]
["2001-03-21"]
["2001-03-22"]
["2001-03-23"]
["2001-03-24"]
["2001-03-25"]
["2001-03-26"]
["2001-03-27"]
["2001-03-28"]
["2001-03-29"]
["2001-03-30"]
["2001-03-31"]
["2001-04-01"]
["2001-04-02"]
["2001-04-03"]
["2001-04-04"]
["2001-04-05"]
["2001-04-06"]
["2001-04-07"]
["2001-04-08"]
["2001-04-09"]
["2001-04-10"]
["2001-04-11"]
["2001-04-12"]
["2001-04-13"]
["2001-04-14"]
["2001-04-15"]
["2001-04-16"]
["2001-04-17"]
["2001-04-18"]
["2001-04-19"]
["2001-04-20"]
["2001-04-21"]
["2001-04-22"]
["2001-04-23"]
["2001-04-24"]
["2001-04-25"]
["2001-04-26"]
["2001-04-27"]
["2001-04-28"]
["2001-04-29"]
["2001-04-30"]
["2001-05-01"]
["2001-05-02"]
["2001-05-03"]
["2001-05-04"]
["2001-05-05"]
["2001-05-06"]
["2001-05-07"]
["2001-05-08"]
["2001-05-09"]
["2001-05-10",{"$f":"VLOOKUP(A497,XOM!A$2:B$5479,2,0)","v":0.22}]
["2001-05-11"]
["2001-05-12"]
["2001-05-13"]
["2001-05-14"]
["2001-05-15"]
["2001-05-16",null,null,{"$f":"VLOOKUP(A503,BP!A$2:B$5479,2,0)","v":0.35}]
["2001-05-17"]
["2001-05-18"]
["2001-05-19"]
["2001-05-20"]
["2001-05-21"]
["2001-05-22"]
["2001-05-23"]
["2001-05-24"]
["2001-05-25"]
["2001-05-26"]
["2001-05-27"]
["2001-05-28"]
["2001-05-29"]
["2001-05-30"]
["2001-05-31"]
["2001-06-01"]
["2001-06-02"]
["2001-06-03"]
["2001-06-04"]
["2001-06-05"]
["2001-06-06"]
["2001-06-07"]
["2001-06-08"]
["2001-06-09"]
["2001-06-10"]
["2001-06-11"]
["2001-06-12"]
["2001-06-13",null,null,null,{"$f":"VLOOKUP(A531,KO!A$2:B$5479,2,0)","v":0.09}]
["2001-06-14"]
["2001-06-15"]
["2001-06-16"]
["2001-06-17"]
["2001-06-18",{"$f":"VLOOKUP(A536,XOM!A$2:B$5479,2,0)","v":0.01}]
["2001-06-19"]
["2001-06-20"]
["2001-06-21"]
["2001-06-22"]
["2001-06-23"]
["2001-06-24"]
["2001-06-25"]
["2001-06-26"]
["2001-06-27"]
["2001-06-28"]
["2001-06-29"]
["2001-06-30"]
["2001-07-01"]
["2001-07-02"]
["2001-07-03"]
["2001-07-04"]
["2001-07-05"]
["2001-07-06"]
["2001-07-07"]
["2001-07-08"]
["2001-07-09"]
["2001-07-10"]
["2001-07-11"]
["2001-07-12"]
["2001-07-13"]
["2001-07-14"]
["2001-07-15"]
["2001-07-16"]
["2001-07-17"]
["2001-07-18"]
["2001-07-19"]
["2001-07-20"]
["2001-07-21"]
["2001-07-22"]
["2001-07-23"]
["2001-07-24"]
["2001-07-25"]
["2001-07-26"]
["2001-07-27"]
["2001-07-28"]
["2001-07-29"]
["2001-07-30"]
["2001-07-31"]
["2001-08-01"]
["2001-08-02"]
["2001-08-03"]
["2001-08-04"]
["2001-08-05"]
["2001-08-06"]
["2001-08-07"]
["2001-08-08"]
["2001-08-09",{"$f":"VLOOKUP(A588,XOM!A$2:B$5479,2,0)","v":0.23}]
["2001-08-10"]
["2001-08-11"]
["2001-08-12"]
["2001-08-13"]
["2001-08-14"]
["2001-08-15",null,null,{"$f":"VLOOKUP(A594,BP!A$2:B$5479,2,0)","v":0.36699999999999999}]
["2001-08-16"]
["2001-08-17"]
["2001-08-18"]
["2001-08-19"]
["2001-08-20"]
["2001-08-21"]
["2001-08-22"]
["2001-08-23"]
["2001-08-24"]
["2001-08-25"]
["2001-08-26"]
["2001-08-27"]
["2001-08-28"]
["2001-08-29"]
["2001-08-30"]
["2001-08-31"]
["2001-09-01"]
["2001-09-02"]
["2001-09-03"]
["2001-09-04"]
["2001-09-05"]
["2001-09-06"]
["2001-09-07"]
["2001-09-08"]
["2001-09-09"]
["2001-09-10"]
["2001-09-11"]
["2001-09-12",null,null,null,{"$f":"VLOOKUP(A622,KO!A$2:B$5479,2,0)","v":0.18}]
["2001-09-13"]
["2001-09-14"]
["2001-09-15"]
["2001-09-16"]
["2001-09-17"]
["2001-09-18"]
["2001-09-19"]
["2001-09-20"]
["2001-09-21"]
["2001-09-22"]
["2001-09-23"]
["2001-09-24"]
["2001-09-25"]
["2001-09-26"]
["2001-09-27"]
["2001-09-28"]
["2001-09-29"]
["2001-09-30"]
["2001-10-01"]
["2001-10-02"]
["2001-10-03"]
["2001-10-04"]
["2001-10-05"]
["2001-10-06"]
["2001-10-07"]
["2001-10-08"]
["2001-10-09"]
["2001-10-10"]
["2001-10-11"]
["2001-10-12"]
["2001-10-13"]
["2001-10-14"]
["2001-10-15"]
["2001-10-16"]
["2001-10-17"]
["2001-10-18"]
["2001-10-19"]
["2001-10-20"]
["2001-10-21"]
["2001-10-22"]
["2001-10-23"]
["2001-10-24"]
["2001-10-25"]
["2001-10-26"]
["2001-10-27"]
["2001-10-28"]
["2001-10-29"]
["2001-10-30"]
["2001-10-31"]
["2001-11-01"]
["2001-11-02"]
["2001-11-03"]
["2001-11-04"]
["2001-11-05"]
["2001-11-06"]
["2001-11-07",{"$f":"VLOOKUP(A678,XOM!A$2:B$5479,2,0)","v":0.23}]
["2001-11-08"]
["2001-11-09"]
["2001-11-10"]
["2001-11-11"]
["2001-11-12"]
["2001-11-13",null,{"$f":"VLOOKUP(A684,MCD!A$2:B$5479,2,0)","v":0.22500000000000001}]
["2001-11-14",null,null,{"$f":"VLOOKUP(A685,BP!A$2:B$5479,2,0)","v":0.36699999999999999}]
["2001-11-15"]
["2001-11-16"]
["2001-11-17"]
["2001-11-18"]
["2001-11-19"]
["2001-11-20"]
["2001-11-21"]
["2001-11-22"]
["2001-11-23"]
["2001-11-24"]
["2001-11-25"]
["2001-11-26"]
["2001-11-27"]
["2001-11-28",null,null,null,{"$f":"VLOOKUP(A699,KO!A$2:B$5479,2,0)","v":0.09}]
["2001-11-29"]
["2001-11-30"]
["2001-12-01"]
["2001-12-02"]
["2001-12-03"]
["2001-12-04"]
["2001-12-05"]
["2001-12-06"]
["2001-12-07"]
["2001-12-08"]
["2001-12-09"]
["2001-12-10"]
["2001-12-11"]
["2001-12-12"]
["2001-12-13"]
["2001-12-14"]
["2001-12-15"]
["2001-12-16"]
["2001-12-17"]
["2001-12-18"]
["2001-12-19"]
["2001-12-20"]
["2001-12-21"]
["2001-12-22"]
["2001-12-23"]
["2001-12-24"]
["2001-12-25"]
["2001-12-26"]
["2001-12-27"]
["2001-12-28"]
["2001-12-29"]
["2001-12-30"]
["2001-12-31"]
["2002-01-01"]
["2002-01-02"]
["2002-01-03"]
["2002-01-04"]
["2002-01-05"]
["2002-01-06"]
["2002-01-07"]
["2002-01-08"]
["2002-01-09"]
["2002-01-10"]
["2002-01-11"]
["2002-01-12"]
["2002-01-13"]
["2002-01-14"]
["2002-01-15"]
["2002-01-16"]
["2002-01-17"]
["2002-01-18"]
["2002-01-19"]
["2002-01-20"]
["2002-01-21"]
["2002-01-22"]
["2002-01-23"]
["2002-01-24"]
["2002-01-25"]
["2002-01-26"]
["2002-01-27"]
["2002-01-28"]
["2002-01-29"]
["2002-01-30"]
["2002-01-31"]
["2002-02-01"]
["2002-02-02"]
["2002-02-03"]
["2002-02-04"]
["2002-02-05"]
["2002-02-06"]
["2002-02-07",{"$f":"VLOOKUP(A770,XOM!A$2:B$5479,2,0)","v":0.23}]
["2002-02-08"]
["2002-02-09"]
["2002-02-10"]
["2002-02-11"]
["2002-02-12"]
["2002-02-13"]
["2002-02-14"]
["2002-02-15"]
["2002-02-16"]
["2002-02-17"]
["2002-02-18"]
["2002-02-19"]
["2002-02-20",null,null,{"$f":"VLOOKUP(A783,BP!A$2:B$5479,2,0)","v":0.38300000000000001}]
["2002-02-21"]
["2002-02-22"]
["2002-02-23"]
["2002-02-24"]
["2002-02-25"]
["2002-02-26"]
["2002-02-27"]
["2002-02-28"]
["2002-03-01"]
["2002-03-02"]
["2002-03-03"]
["2002-03-04"]
["2002-03-05"]
["2002-03-06"]
["2002-03-07"]
["2002-03-08"]
["2002-03-09"]
["2002-03-10"]
["2002-03-11"]
["2002-03-12"]
["2002-03-13",null,null,null,{"$f":"VLOOKUP(A804,KO!A$2:B$5479,2,0)","v":0.1}]
["2002-03-14"]
["2002-03-15"]
["2002-03-16"]
["2002-03-17"]
["2002-03-18"]
["2002-03-19"]
["2002-03-20"]
["2002-03-21"]
["2002-03-22"]
["2002-03-23"]
["2002-03-24"]
["2002-03-25"]
["2002-03-26"]
["2002-03-27"]
["2002-03-28"]
["2002-03-29"]
["2002-03-30"]
["2002-03-31"]
["2002-04-01"]
["2002-04-02"]
["2002-04-03"]
["2002-04-04"]
["2002-04-05"]
["2002-04-06"]
["2002-04-07"]
["2002-04-08"]
["2002-04-09"]
["2002-04-10"]
["2002-04-11"]
["2002-04-12"]
["2002-04-13"]
["2002-04-14"]
["2002-04-15"]
["2002-04-16"]
["2002-04-17"]
["2002-04-18"]
["2002-04-19"]
["2002-04-20"]
["2002-04-21"]
["2002-04-22"]
["2002-04-23"]
["2002-04-24"]
["2002-04-25"]
["2002-04-26"]
["2002-04-27"]
["2002-04-28"]
["2002-04-29"]
["2002-04-30"]
["2002-05-01"]
["2002-05-02"]
["2002-05-03"]
["2002-05-04"]
["2002-05-05"]
["2002-05-06"]
["2002-05-07"]
["2002-05-08"]
["2002-05-09",{"$f":"VLOOKUP(A861,XOM!A$2:B$5479,2,0)","v":0.23}]
["2002-05-10"]
["2002-05-11"]
["2002-05-12"]
["2002-05-13"]
["2002-05-14"]
["2002-05-15",null,null,{"$f":"VLOOKUP(A867,BP!A$2:B$5479,2,0)","v":0.38300000000000001}]
["2002-05-16"]
["2002-05-17"]
["2002-05-18"]
["2002-05-19"]
["2002-05-20"]
["2002-05-21"]
["2002-05-22"]
["2002-05-23"]
["2002-05-24"]
["2002-05-25"]
["2002-05-26"]
["2002-05-27"]
["2002-05-28"]
["2002-05-29"]
["2002-05-30"]
["2002-05-31"]
["2002-06-01"]
["2002-06-02"]
["2002-06-03"]
["2002-06-04"]
["2002-06-05"]
["2002-06-06"]
["2002-06-07"]
["2002-06-08"]
["2002-06-09"]
["2002-06-10"]
["2002-06-11"]
["2002-06-12",null,null,null,{"$f":"VLOOKUP(A895,KO!A$2:B$5479,2,0)","v":0.1}]
["2002-06-13"]
["2002-06-14"]
["2002-06-15"]
["2002-06-16"]
["2002-06-17"]
["2002-06-18"]
["2002-06-19"]
["2002-06-20"]
["2002-06-21"]
["2002-06-22"]
["2002-06-23"]
["2002-06-24"]
["2002-06-25"]
["2002-06-26"]
["2002-06-27"]
["2002-06-28"]
["2002-06-29"]
["2002-06-30"]
["2002-07-01"]
["2002-07-02"]
["2002-07-03"]
["2002-07-04"]
["2002-07-05"]
["2002-07-06"]
["2002-07-07"]
["2002-07-08"]
["2002-07-09"]
["2002-07-10"]
["2002-07-11"]
["2002-07-12"]
["2002-07-13"]
["2002-07-14"]
["2002-07-15"]
["2002-07-16"]
["2002-07-17"]
["2002-07-18"]
["2002-07-19"]
["2002-07-20"]
["2002-07-21"]
["2002-07-22"]
["2002-07-23"]
["2002-07-24"]
["2002-07-25"]
["2002-07-26"]
["2002-07-27"]
["2002-07-28"]
["2002-07-29"]
["2002-07-30"]
["2002-07-31"]
["2002-08-01"]
["2002-08-02"]
["2002-08-03"]
["2002-08-04"]
["2002-08-05"]
["2002-08-06"]
["2002-08-07"]
["2002-08-08"]
["2002-08-09",{"$f":"VLOOKUP(A953,XOM!A$2:B$5479,2,0)","v":0.23}]
["2002-08-10"]
["2002-08-11"]
["2002-08-12"]
["2002-08-13"]
["2002-08-14",null,null,{"$f":"VLOOKUP(A958,BP!A$2:B$5479,2,0)","v":0.4}]
["2002-08-15"]
["2002-08-16"]
["2002-08-17"]
["2002-08-18"]
["2002-08-19"]
["2002-08-20"]
["2002-08-21"]
["2002-08-22"]
["2002-08-23"]
["2002-08-24"]
["2002-08-25"]
["2002-08-26"]
["2002-08-27"]
["2002-08-28"]
["2002-08-29"]
["2002-08-30"]
["2002-08-31"]
["2002-09-01"]
["2002-09-02"]
["2002-09-03"]
["2002-09-04"]
["2002-09-05"]
["2002-09-06"]
["2002-09-07"]
["2002-09-08"]
["2002-09-09"]
["2002-09-10"]
["2002-09-11",null,null,null,{"$f":"VLOOKUP(A986,KO!A$2:B$5479,2,0)","v":0.1}]
["2002-09-12"]
["2002-09-13"]
["2002-09-14"]
["2002-09-15"]
["2002-09-16"]
["2002-09-17"]
["2002-09-18"]
["2002-09-19"]
["2002-09-20"]
["2002-09-21"]
["2002-09-22"]
["2002-09-23"]
["2002-09-24"]
["2002-09-25"]
["2002-09-26"]
["2002-09-27"]
["2002-09-28"]
["2002-09-29"]
["2002-09-30"]
["2002-10-01"]
["2002-10-02"]
["2002-10-03"]
["2002-10-04"]
["2002-10-05"]
["2002-10-06"]
["2002-10-07"]
["2002-10-08"]
["2002-10-09"]
["2002-10-10"]
["2002-10-11"]
["2002-10-12"]
["2002-10-13"]
["2002-10-14"]
["2002-10-15"]
["2002-10-16"]
["2002-10-17"]
["2002-10-18"]
["2002-10-19"]
["2002-10-20"]
["2002-10-21"]
["2002-10-22"]
["2002-10-23"]
["2002-10-24"]
["2002-10-25"]
["2002-10-26"]
["2002-10-27"]
["2002-10-28"]
["2002-10-29"]
["2002-10-30"]
["2002-10-31"]
["2002-11-01"]
["2002-11-02"]
["2002-11-03"]
["2002-11-04"]
["2002-11-05"]
["2002-11-06"]
["2002-11-07",{"$f":"VLOOKUP(A1043,XOM!A$2:B$5479,2,0)","v":0.23}]
["2002-11-08"]
["2002-11-09"]
["2002-11-10"]
["2002-11-11"]
["2002-11-12"]
["2002-11-13",null,{"$f":"VLOOKUP(A1049,MCD!A$2:B$5479,2,0)","v":0.23499999999999999},{"$f":"VLOOKUP(A1049,BP!A$2:B$5479,2,0)","v":0.4}]
["2002-11-14"]
["2002-11-15"]
["2002-11-16"]
["2002-11-17"]
["2002-11-18"]
["2002-11-19"]
["2002-11-20"]
["2002-11-21"]
["2002-11-22"]
["2002-11-23"]
["2002-11-24"]
["2002-11-25"]
["2002-11-26",null,null,null,{"$f":"VLOOKUP(A1062,KO!A$2:B$5479,2,0)","v":0.1}]
["2002-11-27"]
["2002-11-28"]
["2002-11-29"]
["2002-11-30"]
["2002-12-01"]
["2002-12-02"]
["2002-12-03"]
["2002-12-04"]
["2002-12-05"]
["2002-12-06"]
["2002-12-07"]
["2002-12-08"]
["2002-12-09"]
["2002-12-10"]
["2002-12-11"]
["2002-12-12"]
["2002-12-13"]
["2002-12-14"]
["2002-12-15"]
["2002-12-16"]
["2002-12-17"]
["2002-12-18"]
["2002-12-19"]
["2002-12-20"]
["2002-12-21"]
["2002-12-22"]
["2002-12-23"]
["2002-12-24"]
["2002-12-25"]
["2002-12-26"]
["2002-12-27"]
["2002-12-28"]
["2002-12-29"]
["2002-12-30"]
["2002-12-31"]
["2003-01-01"]
["2003-01-02"]
["2003-01-03"]
["2003-01-04"]
["2003-01-05"]
["2003-01-06"]
["2003-01-07"]
["2003-01-08"]
["2003-01-09"]
["2003-01-10"]
["2003-01-11"]
["2003-01-12"]
["2003-01-13"]
["2003-01-14"]
["2003-01-15"]
["2003-01-16"]
["2003-01-17"]
["2003-01-18"]
["2003-01-19"]
["2003-01-20"]
["2003-01-21"]
["2003-01-22"]
["2003-01-23"]
["2003-01-24"]
["2003-01-25"]
["2003-01-26"]
["2003-01-27"]
["2003-01-28"]
["2003-01-29"]
["2003-01-30"]
["2003-01-31"]
["2003-02-01"]
["2003-02-02"]
["2003-02-03"]
["2003-02-04"]
["2003-02-05"]
["2003-02-06",{"$f":"VLOOKUP(A1134,XOM!A$2:B$5479,2,0)","v":0.23}]
["2003-02-07"]
["2003-02-08"]
["2003-02-09"]
["2003-02-10"]
["2003-02-11"]
["2003-02-12"]
["2003-02-13"]
["2003-02-14"]
["2003-02-15"]
["2003-02-16"]
["2003-02-17"]
["2003-02-18"]
["2003-02-19"]
["2003-02-20"]
["2003-02-21"]
["2003-02-22"]
["2003-02-23"]
["2003-02-24"]
["2003-02-25"]
["2003-02-26",null,null,{"$f":"VLOOKUP(A1154,BP!A$2:B$5479,2,0)","v":0.41699999999999998}]
["2003-02-27"]
["2003-02-28"]
["2003-03-01"]
["2003-03-02"]
["2003-03-03"]
["2003-03-04"]
["2003-03-05"]
["2003-03-06"]
["2003-03-07"]
["2003-03-08"]
["2003-03-09"]
["2003-03-10"]
["2003-03-11"]
["2003-03-12",null,null,null,{"$f":"VLOOKUP(A1168,KO!A$2:B$5479,2,0)","v":0.11}]
["2003-03-13"]
["2003-03-14"]
["2003-03-15"]
["2003-03-16"]
["2003-03-17"]
["2003-03-18"]
["2003-03-19"]
["2003-03-20"]
["2003-03-21"]
["2003-03-22"]
["2003-03-23"]
["2003-03-24"]
["2003-03-25"]
["2003-03-26"]
["2003-03-27"]
["2003-03-28"]
["2003-03-29"]
["2003-03-30"]
["2003-03-31"]
["2003-04-01"]
["2003-04-02"]
["2003-04-03"]
["2003-04-04"]
["2003-04-05"]
["2003-04-06"]
["2003-04-07"]
["2003-04-08"]
["2003-04-09"]
["2003-04-10"]
["2003-04-11"]
["2003-04-12"]
["2003-04-13"]
["2003-04-14"]
["2003-04-15"]
["2003-04-16"]
["2003-04-17"]
["2003-04-18"]
["2003-04-19"]
["2003-04-20"]
["2003-04-21"]
["2003-04-22"]
["2003-04-23"]
["2003-04-24"]
["2003-04-25"]
["2003-04-26"]
["2003-04-27"]
["2003-04-28"]
["2003-04-29"]
["2003-04-30"]
["2003-05-01"]
["2003-05-02"]
["2003-05-03"]
["2003-05-04"]
["2003-05-05"]
["2003-05-06"]
["2003-05-07"]
["2003-05-08"]
["2003-05-09",{"$f":"VLOOKUP(A1226,XOM!A$2:B$5479,2,0)","v":0.25}]
["2003-05-10"]
["2003-05-11"]
["2003-05-12"]
["2003-05-13"]
["2003-05-14",null,null,{"$f":"VLOOKUP(A1231,BP!A$2:B$5479,2,0)","v":0.375}]
["2003-05-15"]
["2003-05-16"]
["2003-05-17"]
["2003-05-18"]
["2003-05-19"]
["2003-05-20"]
["2003-05-21"]
["2003-05-22"]
["2003-05-23"]
["2003-05-24"]
["2003-05-25"]
["2003-05-26"]
["2003-05-27"]
["2003-05-28"]
["2003-05-29"]
["2003-05-30"]
["2003-05-31"]
["2003-06-01"]
["2003-06-02"]
["2003-06-03"]
["2003-06-04"]
["2003-06-05"]
["2003-06-06"]
["2003-06-07"]
["2003-06-08"]
["2003-06-09"]
["2003-06-10"]
["2003-06-11",null,null,null,{"$f":"VLOOKUP(A1259,KO!A$2:B$5479,2,0)","v":0.11}]
["2003-06-12"]
["2003-06-13"]
["2003-06-14"]
["2003-06-15"]
["2003-06-16"]
["2003-06-17"]
["2003-06-18"]
["2003-06-19"]
["2003-06-20"]
["2003-06-21"]
["2003-06-22"]
["2003-06-23"]
["2003-06-24"]
["2003-06-25"]
["2003-06-26"]
["2003-06-27"]
["2003-06-28"]
["2003-06-29"]
["2003-06-30"]
["2003-07-01"]
["2003-07-02"]
["2003-07-03"]
["2003-07-04"]
["2003-07-05"]
["2003-07-06"]
["2003-07-07"]
["2003-07-08"]
["2003-07-09"]
["2003-07-10"]
["2003-07-11"]
["2003-07-12"]
["2003-07-13"]
["2003-07-14"]
["2003-07-15"]
["2003-07-16"]
["2003-07-17"]
["2003-07-18"]
["2003-07-19"]
["2003-07-20"]
["2003-07-21"]
["2003-07-22"]
["2003-07-23"]
["2003-07-24"]
["2003-07-25"]
["2003-07-26"]
["2003-07-27"]
["2003-07-28"]
["2003-07-29"]
["2003-07-30"]
["2003-07-31"]
["2003-08-01"]
["2003-08-02"]
["2003-08-03"]
["2003-08-04"]
["2003-08-05"]
["2003-08-06"]
["2003-08-07"]
["2003-08-08"]
["2003-08-09"]
["2003-08-10"]
["2003-08-11",{"$f":"VLOOKUP(A1320,XOM!A$2:B$5479,2,0)","v":0.25}]
["2003-08-12"]
["2003-08-13",null,null,{"$f":"VLOOKUP(A1322,BP!A$2:B$5479,2,0)","v":0.433}]
["2003-08-14"]
["2003-08-15"]
["2003-08-16"]
["2003-08-17"]
["2003-08-18"]
["2003-08-19"]
["2003-08-20"]
["2003-08-21"]
["2003-08-22"]
["2003-08-23"]
["2003-08-24"]
["2003-08-25"]
["2003-08-26"]
["2003-08-27"]
["2003-08-28"]
["2003-08-29"]
["2003-08-30"]
["2003-08-31"]
["2003-09-01"]
["2003-09-02"]
["2003-09-03"]
["2003-09-04"]
["2003-09-05"]
["2003-09-06"]
["2003-09-07"]
["2003-09-08"]
["2003-09-09"]
["2003-09-10"]
["2003-09-11",null,null,null,{"$f":"VLOOKUP(A1351,KO!A$2:B$5479,2,0)","v":0.11}]
["2003-09-12"]
["2003-09-13"]
["2003-09-14"]
["2003-09-15"]
["2003-09-16"]
["2003-09-17"]
["2003-09-18"]
["2003-09-19"]
["2003-09-20"]
["2003-09-21"]
["2003-09-22"]
["2003-09-23"]
["2003-09-24"]
["2003-09-25"]
["2003-09-26"]
["2003-09-27"]
["2003-09-28"]
["2003-09-29"]
["2003-09-30"]
["2003-10-01"]
["2003-10-02"]
["2003-10-03"]
["2003-10-04"]
["2003-10-05"]
["2003-10-06"]
["2003-10-07"]
["2003-10-08"]
["2003-10-09"]
["2003-10-10"]
["2003-10-11"]
["2003-10-12"]
["2003-10-13"]
["2003-10-14"]
["2003-10-15"]
["2003-10-16"]
["2003-10-17"]
["2003-10-18"]
["2003-10-19"]
["2003-10-20"]
["2003-10-21"]
["2003-10-22"]
["2003-10-23"]
["2003-10-24"]
["2003-10-25"]
["2003-10-26"]
["2003-10-27"]
["2003-10-28"]
["2003-10-29"]
["2003-10-30"]
["2003-10-31"]
["2003-11-01"]
["2003-11-02"]
["2003-11-03"]
["2003-11-04"]
["2003-11-05"]
["2003-11-06"]
["2003-11-07",{"$f":"VLOOKUP(A1408,XOM!A$2:B$5479,2,0)","v":0.25}]
["2003-11-08"]
["2003-11-09"]
["2003-11-10"]
["2003-11-11"]
["2003-11-12",null,{"$f":"VLOOKUP(A1413,MCD!A$2:B$5479,2,0)","v":0.4},{"$f":"VLOOKUP(A1413,BP!A$2:B$5479,2,0)","v":0.433}]
["2003-11-13"]
["2003-11-14"]
["2003-11-15"]
["2003-11-16"]
["2003-11-17"]
["2003-11-18"]
["2003-11-19"]
["2003-11-20"]
["2003-11-21"]
["2003-11-22"]
["2003-11-23"]
["2003-11-24"]
["2003-11-25"]
["2003-11-26",null,null,null,{"$f":"VLOOKUP(A1427,KO!A$2:B$5479,2,0)","v":0.11}]
["2003-11-27"]
["2003-11-28"]
["2003-11-29"]
["2003-11-30"]
["2003-12-01"]
["2003-12-02"]
["2003-12-03"]
["2003-12-04"]
["2003-12-05"]
["2003-12-06"]
["2003-12-07"]
["2003-12-08"]
["2003-12-09"]
["2003-12-10"]
["2003-12-11"]
["2003-12-12"]
["2003-12-13"]
["2003-12-14"]
["2003-12-15"]
["2003-12-16"]
["2003-12-17"]
["2003-12-18"]
["2003-12-19"]
["2003-12-20"]
["2003-12-21"]
["2003-12-22"]
["2003-12-23"]
["2003-12-24"]
["2003-12-25"]
["2003-12-26"]
["2003-12-27"]
["2003-12-28"]
["2003-12-29"]
["2003-12-30"]
["2003-12-31"]
["2004-01-01"]
["2004-01-02"]
["2004-01-03"]
["2004-01-04"]
["2004-01-05"]
["2004-01-06"]
["2004-01-07"]
["2004-01-08"]
["2004-01-09"]
["2004-01-10"]
["2004-01-11"]
["2004-01-12"]
["2004-01-13"]
["2004-01-14"]
["2004-01-15"]
["2004-01-16"]
["2004-01-17"]
["2004-01-18"]
["2004-01-19"]
["2004-01-20"]
["2004-01-21"]
["2004-01-22"]
["2004-01-23"]
["2004-01-24"]
["2004-01-25"]
["2004-01-26"]
["2004-01-27"]
["2004-01-28"]
["2004-01-29"]
["2004-01-30"]
["2004-01-31"]
["2004-02-01"]
["2004-02-02"]
["2004-02-03"]
["2004-02-04"]
["2004-02-05"]
["2004-02-06"]
["2004-02-07"]
["2004-02-08"]
["2004-02-09",{"$f":"VLOOKUP(A1502,XOM!A$2:B$5479,2,0)","v":0.25}]
["2004-02-10"]
["2004-02-11"]
["2004-02-12"]
["2004-02-13"]
["2004-02-14"]
["2004-02-15"]
["2004-02-16"]
["2004-02-17"]
["2004-02-18",null,null,{"$f":"VLOOKUP(A1511,BP!A$2:B$5479,2,0)","v":0.45}]
["2004-02-19"]
["2004-02-20"]
["2004-02-21"]
["2004-02-22"]
["2004-02-23"]
["2004-02-24"]
["2004-02-25"]
["2004-02-26"]
["2004-02-27"]
["2004-02-28"]
["2004-02-29"]
["2004-03-01"]
["2004-03-02"]
["2004-03-03"]
["2004-03-04"]
["2004-03-05"]
["2004-03-06"]
["2004-03-07"]
["2004-03-08"]
["2004-03-09"]
["2004-03-10"]
["2004-03-11",null,null,null,{"$f":"VLOOKUP(A1533,KO!A$2:B$5479,2,0)","v":0.125}]
["2004-03-12"]
["2004-03-13"]
["2004-03-14"]
["2004-03-15"]
["2004-03-16"]
["2004-03-17"]
["2004-03-18"]
["2004-03-19"]
["2004-03-20"]
["2004-03-21"]
["2004-03-22"]
["2004-03-23"]
["2004-03-24"]
["2004-03-25"]
["2004-03-26"]
["2004-03-27"]
["2004-03-28"]
["2004-03-29"]
["2004-03-30"]
["2004-03-31"]
["2004-04-01"]
["2004-04-02"]
["2004-04-03"]
["2004-04-04"]
["2004-04-05"]
["2004-04-06"]
["2004-04-07"]
["2004-04-08"]
["2004-04-09"]
["2004-04-10"]
["2004-04-11"]
["2004-04-12"]
["2004-04-13"]
["2004-04-14"]
["2004-04-15"]
["2004-04-16"]
["2004-04-17"]
["2004-04-18"]
["2004-04-19"]
["2004-04-20"]
["2004-04-21"]
["2004-04-22"]
["2004-04-23"]
["2004-04-24"]
["2004-04-25"]
["2004-04-26"]
["2004-04-27"]
["2004-04-28"]
["2004-04-29"]
["2004-04-30"]
["2004-05-01"]
["2004-05-02"]
["2004-05-03"]
["2004-05-04"]
["2004-05-05"]
["2004-05-06"]
["2004-05-07"]
["2004-05-08"]
["2004-05-09"]
["2004-05-10"]
["2004-05-11",{"$f":"VLOOKUP(A1594,XOM!A$2:B$5479,2,0)","v":0.27}]
["2004-05-12",null,null,{"$f":"VLOOKUP(A1595,BP!A$2:B$5479,2,0)","v":0.40500000000000003}]
["2004-05-13"]
["2004-05-14"]
["2004-05-15"]
["2004-05-16"]
["2004-05-17"]
["2004-05-18"]
["2004-05-19"]
["2004-05-20"]
["2004-05-21"]
["2004-05-22"]
["2004-05-23"]
["2004-05-24"]
["2004-05-25"]
["2004-05-26"]
["2004-05-27"]
["2004-05-28"]
["2004-05-29"]
["2004-05-30"]
["2004-05-31"]
["2004-06-01"]
["2004-06-02"]
["2004-06-03"]
["2004-06-04"]
["2004-06-05"]
["2004-06-06"]
["2004-06-07"]
["2004-06-08"]
["2004-06-09"]
["2004-06-10"]
["2004-06-11"]
["2004-06-12"]
["2004-06-13"]
["2004-06-14",null,null,null,{"$f":"VLOOKUP(A1628,KO!A$2:B$5479,2,0)","v":0.125}]
["2004-06-15"]
["2004-06-16"]
["2004-06-17"]
["2004-06-18"]
["2004-06-19"]
["2004-06-20"]
["2004-06-21"]
["2004-06-22"]
["2004-06-23"]
["2004-06-24"]
["2004-06-25"]
["2004-06-26"]
["2004-06-27"]
["2004-06-28"]
["2004-06-29"]
["2004-06-30"]
["2004-07-01"]
["2004-07-02"]
["2004-07-03"]
["2004-07-04"]
["2004-07-05"]
["2004-07-06"]
["2004-07-07"]
["2004-07-08"]
["2004-07-09"]
["2004-07-10"]
["2004-07-11"]
["2004-07-12"]
["2004-07-13"]
["2004-07-14"]
["2004-07-15"]
["2004-07-16"]
["2004-07-17"]
["2004-07-18"]
["2004-07-19"]
["2004-07-20"]
["2004-07-21"]
["2004-07-22"]
["2004-07-23"]
["2004-07-24"]
["2004-07-25"]
["2004-07-26"]
["2004-07-27"]
["2004-07-28"]
["2004-07-29"]
["2004-07-30"]
["2004-07-31"]
["2004-08-01"]
["2004-08-02"]
["2004-08-03"]
["2004-08-04"]
["2004-08-05"]
["2004-08-06"]
["2004-08-07"]
["2004-08-08"]
["2004-08-09"]
["2004-08-10"]
["2004-08-11",{"$f":"VLOOKUP(A1686,XOM!A$2:B$5479,2,0)","v":0.27},null,{"$f":"VLOOKUP(A1686,BP!A$2:B$5479,2,0)","v":0.42599999999999999}]
["2004-08-12"]
["2004-08-13"]
["2004-08-14"]
["2004-08-15"]
["2004-08-16"]
["2004-08-17"]
["2004-08-18"]
["2004-08-19"]
["2004-08-20"]
["2004-08-21"]
["2004-08-22"]
["2004-08-23"]
["2004-08-24"]
["2004-08-25"]
["2004-08-26"]
["2004-08-27"]
["2004-08-28"]
["2004-08-29"]
["2004-08-30"]
["2004-08-31"]
["2004-09-01"]
["2004-09-02"]
["2004-09-03"]
["2004-09-04"]
["2004-09-05"]
["2004-09-06"]
["2004-09-07"]
["2004-09-08"]
["2004-09-09"]
["2004-09-10"]
["2004-09-11"]
["2004-09-12"]
["2004-09-13",null,null,null,{"$f":"VLOOKUP(A1719,KO!A$2:B$5479,2,0)","v":0.125}]
["2004-09-14"]
["2004-09-15"]
["2004-09-16"]
["2004-09-17"]
["2004-09-18"]
["2004-09-19"]
["2004-09-20"]
["2004-09-21"]
["2004-09-22"]
["2004-09-23"]
["2004-09-24"]
["2004-09-25"]
["2004-09-26"]
["2004-09-27"]
["2004-09-28"]
["2004-09-29"]
["2004-09-30"]
["2004-10-01"]
["2004-10-02"]
["2004-10-03"]
["2004-10-04"]
["2004-10-05"]
["2004-10-06"]
["2004-10-07"]
["2004-10-08"]
["2004-10-09"]
["2004-10-10"]
["2004-10-11"]
["2004-10-12"]
["2004-10-13"]
["2004-10-14"]
["2004-10-15"]
["2004-10-16"]
["2004-10-17"]
["2004-10-18"]
["2004-10-19"]
["2004-10-20"]
["2004-10-21"]
["2004-10-22"]
["2004-10-23"]
["2004-10-24"]
["2004-10-25"]
["2004-10-26"]
["2004-10-27"]
["2004-10-28"]
["2004-10-29"]
["2004-10-30"]
["2004-10-31"]
["2004-11-01"]
["2004-11-02"]
["2004-11-03"]
["2004-11-04"]
["2004-11-05"]
["2004-11-06"]
["2004-11-07"]
["2004-11-08"]
["2004-11-09",{"$f":"VLOOKUP(A1776,XOM!A$2:B$5479,2,0)","v":0.27},null,{"$f":"VLOOKUP(A1776,BP!A$2:B$5479,2,0)","v":0.42599999999999999}]
["2004-11-10",null,{"$f":"VLOOKUP(A1777,MCD!A$2:B$5479,2,0)","v":0.55000000000000004}]
["2004-11-11"]
["2004-11-12"]
["2004-11-13"]
["2004-11-14"]
["2004-11-15"]
["2004-11-16"]
["2004-11-17"]
["2004-11-18"]
["2004-11-19"]
["2004-11-20"]
["2004-11-21"]
["2004-11-22"]
["2004-11-23"]
["2004-11-24"]
["2004-11-25"]
["2004-11-26"]
["2004-11-27"]
["2004-11-28"]
["2004-11-29",null,null,null,{"$f":"VLOOKUP(A1796,KO!A$2:B$5479,2,0)","v":0.125}]
["2004-11-30"]
["2004-12-01"]
["2004-12-02"]
["2004-12-03"]
["2004-12-04"]
["2004-12-05"]
["2004-12-06"]
["2004-12-07"]
["2004-12-08"]
["2004-12-09"]
["2004-12-10"]
["2004-12-11"]
["2004-12-12"]
["2004-12-13"]
["2004-12-14"]
["2004-12-15"]
["2004-12-16"]
["2004-12-17"]
["2004-12-18"]
["2004-12-19"]
["2004-12-20"]
["2004-12-21"]
["2004-12-22"]
["2004-12-23"]
["2004-12-24"]
["2004-12-25"]
["2004-12-26"]
["2004-12-27"]
["2004-12-28"]
["2004-12-29"]
["2004-12-30"]
["2004-12-31"]
["2005-01-01"]
["2005-01-02"]
["2005-01-03"]
["2005-01-04"]
["2005-01-05"]
["2005-01-06"]
["2005-01-07"]
["2005-01-08"]
["2005-01-09"]
["2005-01-10"]
["2005-01-11"]
["2005-01-12"]
["2005-01-13"]
["2005-01-14"]
["2005-01-15"]
["2005-01-16"]
["2005-01-17"]
["2005-01-18"]
["2005-01-19"]
["2005-01-20"]
["2005-01-21"]
["2005-01-22"]
["2005-01-23"]
["2005-01-24"]
["2005-01-25"]
["2005-01-26"]
["2005-01-27"]
["2005-01-28"]
["2005-01-29"]
["2005-01-30"]
["2005-01-31"]
["2005-02-01"]
["2005-02-02"]
["2005-02-03"]
["2005-02-04"]
["2005-02-05"]
["2005-02-06"]
["2005-02-07"]
["2005-02-08",{"$f":"VLOOKUP(A1867,XOM!A$2:B$5479,2,0)","v":0.27}]
["2005-02-09"]
["2005-02-10"]
["2005-02-11"]
["2005-02-12"]
["2005-02-13"]
["2005-02-14"]
["2005-02-15"]
["2005-02-16",null,null,{"$f":"VLOOKUP(A1875,BP!A$2:B$5479,2,0)","v":0.51}]
["2005-02-17"]
["2005-02-18"]
["2005-02-19"]
["2005-02-20"]
["2005-02-21"]
["2005-02-22"]
["2005-02-23"]
["2005-02-24"]
["2005-02-25"]
["2005-02-26"]
["2005-02-27"]
["2005-02-28"]
["2005-03-01"]
["2005-03-02"]
["2005-03-03"]
["2005-03-04"]
["2005-03-05"]
["2005-03-06"]
["2005-03-07"]
["2005-03-08"]
["2005-03-09"]
["2005-03-10"]
["2005-03-11",null,null,null,{"$f":"VLOOKUP(A1898,KO!A$2:B$5479,2,0)","v":0.14000000000000001}]
["2005-03-12"]
["2005-03-13"]
["2005-03-14"]
["2005-03-15"]
["2005-03-16"]
["2005-03-17"]
["2005-03-18"]
["2005-03-19"]
["2005-03-20"]
["2005-03-21"]
["2005-03-22"]
["2005-03-23"]
["2005-03-24"]
["2005-03-25"]
["2005-03-26"]
["2005-03-27"]
["2005-03-28"]
["2005-03-29"]
["2005-03-30"]
["2005-03-31"]
["2005-04-01"]
["2005-04-02"]
["2005-04-03"]
["2005-04-04"]
["2005-04-05"]
["2005-04-06"]
["2005-04-07"]
["2005-04-08"]
["2005-04-09"]
["2005-04-10"]
["2005-04-11"]
["2005-04-12"]
["2005-04-13"]
["2005-04-14"]
["2005-04-15"]
["2005-04-16"]
["2005-04-17"]
["2005-04-18"]
["2005-04-19"]
["2005-04-20"]
["2005-04-21"]
["2005-04-22"]
["2005-04-23"]
["2005-04-24"]
["2005-04-25"]
["2005-04-26"]
["2005-04-27"]
["2005-04-28"]
["2005-04-29"]
["2005-04-30"]
["2005-05-01"]
["2005-05-02"]
["2005-05-03"]
["2005-05-04"]
["2005-05-05"]
["2005-05-06"]
["2005-05-07"]
["2005-05-08"]
["2005-05-09"]
["2005-05-10"]
["2005-05-11",{"$f":"VLOOKUP(A1959,XOM!A$2:B$5479,2,0)","v":0.28999999999999998},null,{"$f":"VLOOKUP(A1959,BP!A$2:B$5479,2,0)","v":0.51}]
["2005-05-12"]
["2005-05-13"]
["2005-05-14"]
["2005-05-15"]
["2005-05-16"]
["2005-05-17"]
["2005-05-18"]
["2005-05-19"]
["2005-05-20"]
["2005-05-21"]
["2005-05-22"]
["2005-05-23"]
["2005-05-24"]
["2005-05-25"]
["2005-05-26"]
["2005-05-27"]
["2005-05-28"]
["2005-05-29"]
["2005-05-30"]
["2005-05-31"]
["2005-06-01"]
["2005-06-02"]
["2005-06-03"]
["2005-06-04"]
["2005-06-05"]
["2005-06-06"]
["2005-06-07"]
["2005-06-08"]
["2005-06-09"]
["2005-06-10"]
["2005-06-11"]
["2005-06-12"]
["2005-06-13",null,null,null,{"$f":"VLOOKUP(A1992,KO!A$2:B$5479,2,0)","v":0.14000000000000001}]
["2005-06-14"]
["2005-06-15"]
["2005-06-16"]
["2005-06-17"]
["2005-06-18"]
["2005-06-19"]
["2005-06-20"]
["2005-06-21"]
["2005-06-22"]
["2005-06-23"]
["2005-06-24"]
["2005-06-25"]
["2005-06-26"]
["2005-06-27"]
["2005-06-28"]
["2005-06-29"]
["2005-06-30"]
["2005-07-01"]
["2005-07-02"]
["2005-07-03"]
["2005-07-04"]
["2005-07-05"]
["2005-07-06"]
["2005-07-07"]
["2005-07-08"]
["2005-07-09"]
["2005-07-10"]
["2005-07-11"]
["2005-07-12"]
["2005-07-13"]
["2005-07-14"]
["2005-07-15"]
["2005-07-16"]
["2005-07-17"]
["2005-07-18"]
["2005-07-19"]
["2005-07-20"]
["2005-07-21"]
["2005-07-22"]
["2005-07-23"]
["2005-07-24"]
["2005-07-25"]
["2005-07-26"]
["2005-07-27"]
["2005-07-28"]
["2005-07-29"]
["2005-07-30"]
["2005-07-31"]
["2005-08-01"]
["2005-08-02"]
["2005-08-03"]
["2005-08-04"]
["2005-08-05"]
["2005-08-06"]
["2005-08-07"]
["2005-08-08"]
["2005-08-09"]
["2005-08-10",{"$f":"VLOOKUP(A2050,XOM!A$2:B$5479,2,0)","v":0.28999999999999998},null,{"$f":"VLOOKUP(A2050,BP!A$2:B$5479,2,0)","v":0.53600000000000003}]
["2005-08-11"]
["2005-08-12"]
["2005-08-13"]
["2005-08-14"]
["2005-08-15"]
["2005-08-16"]
["2005-08-17"]
["2005-08-18"]
["2005-08-19"]
["2005-08-20"]
["2005-08-21"]
["2005-08-22"]
["2005-08-23"]
["2005-08-24"]
["2005-08-25"]
["2005-08-26"]
["2005-08-27"]
["2005-08-28"]
["2005-08-29"]
["2005-08-30"]
["2005-08-31"]
["2005-09-01"]
["2005-09-02"]
["2005-09-03"]
["2005-09-04"]
["2005-09-05"]
["2005-09-06"]
["2005-09-07"]
["2005-09-08"]
["2005-09-09"]
["2005-09-10"]
["2005-09-11"]
["2005-09-12"]
["2005-09-13",null,null,null,{"$f":"VLOOKUP(A2084,KO!A$2:B$5479,2,0)","v":0.14000000000000001}]
["2005-09-14"]
["2005-09-15"]
["2005-09-16"]
["2005-09-17"]
["2005-09-18"]
["2005-09-19"]
["2005-09-20"]
["2005-09-21"]
["2005-09-22"]
["2005-09-23"]
["2005-09-24"]
["2005-09-25"]
["2005-09-26"]
["2005-09-27"]
["2005-09-28"]
["2005-09-29"]
["2005-09-30"]
["2005-10-01"]
["2005-10-02"]
["2005-10-03"]
["2005-10-04"]
["2005-10-05"]
["2005-10-06"]
["2005-10-07"]
["2005-10-08"]
["2005-10-09"]
["2005-10-10"]
["2005-10-11"]
["2005-10-12"]
["2005-10-13"]
["2005-10-14"]
["2005-10-15"]
["2005-10-16"]
["2005-10-17"]
["2005-10-18"]
["2005-10-19"]
["2005-10-20"]
["2005-10-21"]
["2005-10-22"]
["2005-10-23"]
["2005-10-24"]
["2005-10-25"]
["2005-10-26"]
["2005-10-27"]
["2005-10-28"]
["2005-10-29"]
["2005-10-30"]
["2005-10-31"]
["2005-11-01"]
["2005-11-02"]
["2005-11-03"]
["2005-11-04"]
["2005-11-05"]
["2005-11-06"]
["2005-11-07"]
["2005-11-08",{"$f":"VLOOKUP(A2140,XOM!A$2:B$5479,2,0)","v":0.28999999999999998},null,{"$f":"VLOOKUP(A2140,BP!A$2:B$5479,2,0)","v":0.53600000000000003}]
["2005-11-09"]
["2005-11-10",null,{"$f":"VLOOKUP(A2142,MCD!A$2:B$5479,2,0)","v":0.67}]
["2005-11-11"]
["2005-11-12"]
["2005-11-13"]
["2005-11-14"]
["2005-11-15"]
["2005-11-16"]
["2005-11-17"]
["2005-11-18"]
["2005-11-19"]
["2005-11-20"]
["2005-11-21"]
["2005-11-22"]
["2005-11-23"]
["2005-11-24"]
["2005-11-25"]
["2005-11-26"]
["2005-11-27"]
["2005-11-28"]
["2005-11-29",null,null,null,{"$f":"VLOOKUP(A2161,KO!A$2:B$5479,2,0)","v":0.14000000000000001}]
["2005-11-30"]
["2005-12-01"]
["2005-12-02"]
["2005-12-03"]
["2005-12-04"]
["2005-12-05"]
["2005-12-06"]
["2005-12-07"]
["2005-12-08"]
["2005-12-09"]
["2005-12-10"]
["2005-12-11"]
["2005-12-12"]
["2005-12-13"]
["2005-12-14"]
["2005-12-15"]
["2005-12-16"]
["2005-12-17"]
["2005-12-18"]
["2005-12-19"]
["2005-12-20"]
["2005-12-21"]
["2005-12-22"]
["2005-12-23"]
["2005-12-24"]
["2005-12-25"]
["2005-12-26"]
["2005-12-27"]
["2005-12-28"]
["2005-12-29"]
["2005-12-30"]
["2005-12-31"]
["2006-01-01"]
["2006-01-02"]
["2006-01-03"]
["2006-01-04"]
["2006-01-05"]
["2006-01-06"]
["2006-01-07"]
["2006-01-08"]
["2006-01-09"]
["2006-01-10"]
["2006-01-11"]
["2006-01-12"]
["2006-01-13"]
["2006-01-14"]
["2006-01-15"]
["2006-01-16"]
["2006-01-17"]
["2006-01-18"]
["2006-01-19"]
["2006-01-20"]
["2006-01-21"]
["2006-01-22"]
["2006-01-23"]
["2006-01-24"]
["2006-01-25"]
["2006-01-26"]
["2006-01-27"]
["2006-01-28"]
["2006-01-29"]
["2006-01-30"]
["2006-01-31"]
["2006-02-01"]
["2006-02-02"]
["2006-02-03"]
["2006-02-04"]
["2006-02-05"]
["2006-02-06"]
["2006-02-07"]
["2006-02-08",{"$f":"VLOOKUP(A2232,XOM!A$2:B$5479,2,0)","v":0.32}]
["2006-02-09"]
["2006-02-10"]
["2006-02-11"]
["2006-02-12"]
["2006-02-13"]
["2006-02-14"]
["2006-02-15"]
["2006-02-16"]
["2006-02-17"]
["2006-02-18"]
["2006-02-19"]
["2006-02-20"]
["2006-02-21"]
["2006-02-22",null,null,{"$f":"VLOOKUP(A2246,BP!A$2:B$5479,2,0)","v":0.56299999999999994}]
["2006-02-23"]
["2006-02-24"]
["2006-02-25"]
["2006-02-26"]
["2006-02-27"]
["2006-02-28"]
["2006-03-01"]
["2006-03-02"]
["2006-03-03"]
["2006-03-04"]
["2006-03-05"]
["2006-03-06"]
["2006-03-07"]
["2006-03-08"]
["2006-03-09"]
["2006-03-10"]
["2006-03-11"]
["2006-03-12"]
["2006-03-13",null,null,null,{"$f":"VLOOKUP(A2265,KO!A$2:B$5479,2,0)","v":0.155}]
["2006-03-14"]
["2006-03-15"]
["2006-03-16"]
["2006-03-17"]
["2006-03-18"]
["2006-03-19"]
["2006-03-20"]
["2006-03-21"]
["2006-03-22"]
["2006-03-23"]
["2006-03-24"]
["2006-03-25"]
["2006-03-26"]
["2006-03-27"]
["2006-03-28"]
["2006-03-29"]
["2006-03-30"]
["2006-03-31"]
["2006-04-01"]
["2006-04-02"]
["2006-04-03"]
["2006-04-04"]
["2006-04-05"]
["2006-04-06"]
["2006-04-07"]
["2006-04-08"]
["2006-04-09"]
["2006-04-10"]
["2006-04-11"]
["2006-04-12"]
["2006-04-13"]
["2006-04-14"]
["2006-04-15"]
["2006-04-16"]
["2006-04-17"]
["2006-04-18"]
["2006-04-19"]
["2006-04-20"]
["2006-04-21"]
["2006-04-22"]
["2006-04-23"]
["2006-04-24"]
["2006-04-25"]
["2006-04-26"]
["2006-04-27"]
["2006-04-28"]
["2006-04-29"]
["2006-04-30"]
["2006-05-01"]
["2006-05-02"]
["2006-05-03"]
["2006-05-04"]
["2006-05-05"]
["2006-05-06"]
["2006-05-07"]
["2006-05-08"]
["2006-05-09"]
["2006-05-10",{"$f":"VLOOKUP(A2323,XOM!A$2:B$5479,2,0)","v":0.32},null,{"$f":"VLOOKUP(A2323,BP!A$2:B$5479,2,0)","v":0.56299999999999994}]
["2006-05-11"]
["2006-05-12"]
["2006-05-13"]
["2006-05-14"]
["2006-05-15"]
["2006-05-16"]
["2006-05-17"]
["2006-05-18"]
["2006-05-19"]
["2006-05-20"]
["2006-05-21"]
["2006-05-22"]
["2006-05-23"]
["2006-05-24"]
["2006-05-25"]
["2006-05-26"]
["2006-05-27"]
["2006-05-28"]
["2006-05-29"]
["2006-05-30"]
["2006-05-31"]
["2006-06-01"]
["2006-06-02"]
["2006-06-03"]
["2006-06-04"]
["2006-06-05"]
["2006-06-06"]
["2006-06-07"]
["2006-06-08"]
["2006-06-09"]
["2006-06-10"]
["2006-06-11"]
["2006-06-12"]
["2006-06-13",null,null,null,{"$f":"VLOOKUP(A2357,KO!A$2:B$5479,2,0)","v":0.155}]
["2006-06-14"]
["2006-06-15"]
["2006-06-16"]
["2006-06-17"]
["2006-06-18"]
["2006-06-19"]
["2006-06-20"]
["2006-06-21"]
["2006-06-22"]
["2006-06-23"]
["2006-06-24"]
["2006-06-25"]
["2006-06-26"]
["2006-06-27"]
["2006-06-28"]
["2006-06-29"]
["2006-06-30"]
["2006-07-01"]
["2006-07-02"]
["2006-07-03"]
["2006-07-04"]
["2006-07-05"]
["2006-07-06"]
["2006-07-07"]
["2006-07-08"]
["2006-07-09"]
["2006-07-10"]
["2006-07-11"]
["2006-07-12"]
["2006-07-13"]
["2006-07-14"]
["2006-07-15"]
["2006-07-16"]
["2006-07-17"]
["2006-07-18"]
["2006-07-19"]
["2006-07-20"]
["2006-07-21"]
["2006-07-22"]
["2006-07-23"]
["2006-07-24"]
["2006-07-25"]
["2006-07-26"]
["2006-07-27"]
["2006-07-28"]
["2006-07-29"]
["2006-07-30"]
["2006-07-31"]
["2006-08-01"]
["2006-08-02"]
["2006-08-03"]
["2006-08-04"]
["2006-08-05"]
["2006-08-06"]
["2006-08-07"]
["2006-08-08"]
["2006-08-09",null,null,{"$f":"VLOOKUP(A2414,BP!A$2:B$5479,2,0)","v":0.59}]
["2006-08-10",{"$f":"VLOOKUP(A2415,XOM!A$2:B$5479,2,0)","v":0.32}]
["2006-08-11"]
["2006-08-12"]
["2006-08-13"]
["2006-08-14"]
["2006-08-15"]
["2006-08-16"]
["2006-08-17"]
["2006-08-18"]
["2006-08-19"]
["2006-08-20"]
["2006-08-21"]
["2006-08-22"]
["2006-08-23"]
["2006-08-24"]
["2006-08-25"]
["2006-08-26"]
["2006-08-27"]
["2006-08-28"]
["2006-08-29"]
["2006-08-30"]
["2006-08-31"]
["2006-09-01"]
["2006-09-02"]
["2006-09-03"]
["2006-09-04"]
["2006-09-05"]
["2006-09-06"]
["2006-09-07"]
["2006-09-08"]
["2006-09-09"]
["2006-09-10"]
["2006-09-11"]
["2006-09-12"]
["2006-09-13",null,null,null,{"$f":"VLOOKUP(A2449,KO!A$2:B$5479,2,0)","v":0.155}]
["2006-09-14"]
["2006-09-15"]
["2006-09-16"]
["2006-09-17"]
["2006-09-18"]
["2006-09-19"]
["2006-09-20"]
["2006-09-21"]
["2006-09-22"]
["2006-09-23"]
["2006-09-24"]
["2006-09-25"]
["2006-09-26"]
["2006-09-27"]
["2006-09-28"]
["2006-09-29"]
["2006-09-30"]
["2006-10-01"]
["2006-10-02"]
["2006-10-03"]
["2006-10-04"]
["2006-10-05"]
["2006-10-06"]
["2006-10-07"]
["2006-10-08"]
["2006-10-09"]
["2006-10-10"]
["2006-10-11"]
["2006-10-12"]
["2006-10-13"]
["2006-10-14"]
["2006-10-15"]
["2006-10-16"]
["2006-10-17"]
["2006-10-18"]
["2006-10-19"]
["2006-10-20"]
["2006-10-21"]
["2006-10-22"]
["2006-10-23"]
["2006-10-24"]
["2006-10-25"]
["2006-10-26"]
["2006-10-27"]
["2006-10-28"]
["2006-10-29"]
["2006-10-30"]
["2006-10-31"]
["2006-11-01"]
["2006-11-02"]
["2006-11-03"]
["2006-11-04"]
["2006-11-05"]
["2006-11-06"]
["2006-11-07"]
["2006-11-08",null,null,{"$f":"VLOOKUP(A2505,BP!A$2:B$5479,2,0)","v":0.59}]
["2006-11-09",{"$f":"VLOOKUP(A2506,XOM!A$2:B$5479,2,0)","v":0.32}]
["2006-11-10"]
["2006-11-11"]
["2006-11-12"]
["2006-11-13",null,{"$f":"VLOOKUP(A2510,MCD!A$2:B$5479,2,0)","v":1}]
["2006-11-14"]
["2006-11-15"]
["2006-11-16"]
["2006-11-17"]
["2006-11-18"]
["2006-11-19"]
["2006-11-20"]
["2006-11-21"]
["2006-11-22"]
["2006-11-23"]
["2006-11-24"]
["2006-11-25"]
["2006-11-26"]
["2006-11-27"]
["2006-11-28"]
["2006-11-29",null,null,null,{"$f":"VLOOKUP(A2526,KO!A$2:B$5479,2,0)","v":0.155}]
["2006-11-30"]
["2006-12-01"]
["2006-12-02"]
["2006-12-03"]
["2006-12-04"]
["2006-12-05"]
["2006-12-06"]
["2006-12-07"]
["2006-12-08"]
["2006-12-09"]
["2006-12-10"]
["2006-12-11"]
["2006-12-12"]
["2006-12-13"]
["2006-12-14"]
["2006-12-15"]
["2006-12-16"]
["2006-12-17"]
["2006-12-18"]
["2006-12-19"]
["2006-12-20"]
["2006-12-21"]
["2006-12-22"]
["2006-12-23"]
["2006-12-24"]
["2006-12-25"]
["2006-12-26"]
["2006-12-27"]
["2006-12-28"]
["2006-12-29"]
["2006-12-30"]
["2006-12-31"]
["2007-01-01"]
["2007-01-02"]
["2007-01-03"]
["2007-01-04"]
["2007-01-05"]
["2007-01-06"]
["2007-01-07"]
["2007-01-08"]
["2007-01-09"]
["2007-01-10"]
["2007-01-11"]
["2007-01-12"]
["2007-01-13"]
["2007-01-14"]
["2007-01-15"]
["2007-01-16"]
["2007-01-17"]
["2007-01-18"]
["2007-01-19"]
["2007-01-20"]
["2007-01-21"]
["2007-01-22"]
["2007-01-23"]
["2007-01-24"]
["2007-01-25"]
["2007-01-26"]
["2007-01-27"]
["2007-01-28"]
["2007-01-29"]
["2007-01-30"]
["2007-01-31"]
["2007-02-01"]
["2007-02-02"]
["2007-02-03"]
["2007-02-04"]
["2007-02-05"]
["2007-02-06"]
["2007-02-07",{"$f":"VLOOKUP(A2596,XOM!A$2:B$5479,2,0)","v":0.32}]
["2007-02-08"]
["2007-02-09"]
["2007-02-10"]
["2007-02-11"]
["2007-02-12"]
["2007-02-13"]
["2007-02-14"]
["2007-02-15"]
["2007-02-16"]
["2007-02-17"]
["2007-02-18"]
["2007-02-19"]
["2007-02-20"]
["2007-02-21",null,null,{"$f":"VLOOKUP(A2610,BP!A$2:B$5479,2,0)","v":0.62}]
["2007-02-22"]
["2007-02-23"]
["2007-02-24"]
["2007-02-25"]
["2007-02-26"]
["2007-02-27"]
["2007-02-28"]
["2007-03-01"]
["2007-03-02"]
["2007-03-03"]
["2007-03-04"]
["2007-03-05"]
["2007-03-06"]
["2007-03-07"]
["2007-03-08"]
["2007-03-09"]
["2007-03-10"]
["2007-03-11"]
["2007-03-12"]
["2007-03-13",null,null,null,{"$f":"VLOOKUP(A2630,KO!A$2:B$5479,2,0)","v":0.17}]
["2007-03-14"]
["2007-03-15"]
["2007-03-16"]
["2007-03-17"]
["2007-03-18"]
["2007-03-19"]
["2007-03-20"]
["2007-03-21"]
["2007-03-22"]
["2007-03-23"]
["2007-03-24"]
["2007-03-25"]
["2007-03-26"]
["2007-03-27"]
["2007-03-28"]
["2007-03-29"]
["2007-03-30"]
["2007-03-31"]
["2007-04-01"]
["2007-04-02"]
["2007-04-03"]
["2007-04-04"]
["2007-04-05"]
["2007-04-06"]
["2007-04-07"]
["2007-04-08"]
["2007-04-09"]
["2007-04-10"]
["2007-04-11"]
["2007-04-12"]
["2007-04-13"]
["2007-04-14"]
["2007-04-15"]
["2007-04-16"]
["2007-04-17"]
["2007-04-18"]
["2007-04-19"]
["2007-04-20"]
["2007-04-21"]
["2007-04-22"]
["2007-04-23"]
["2007-04-24"]
["2007-04-25"]
["2007-04-26"]
["2007-04-27"]
["2007-04-28"]
["2007-04-29"]
["2007-04-30"]
["2007-05-01"]
["2007-05-02"]
["2007-05-03"]
["2007-05-04"]
["2007-05-05"]
["2007-05-06"]
["2007-05-07"]
["2007-05-08"]
["2007-05-09",null,null,{"$f":"VLOOKUP(A2687,BP!A$2:B$5479,2,0)","v":0.62}]
["2007-05-10",{"$f":"VLOOKUP(A2688,XOM!A$2:B$5479,2,0)","v":0.35}]
["2007-05-11"]
["2007-05-12"]
["2007-05-13"]
["2007-05-14"]
["2007-05-15"]
["2007-05-16"]
["2007-05-17"]
["2007-05-18"]
["2007-05-19"]
["2007-05-20"]
["2007-05-21"]
["2007-05-22"]
["2007-05-23"]
["2007-05-24"]
["2007-05-25"]
["2007-05-26"]
["2007-05-27"]
["2007-05-28"]
["2007-05-29"]
["2007-05-30"]
["2007-05-31"]
["2007-06-01"]
["2007-06-02"]
["2007-06-03"]
["2007-06-04"]
["2007-06-05"]
["2007-06-06"]
["2007-06-07"]
["2007-06-08"]
["2007-06-09"]
["2007-06-10"]
["2007-06-11"]
["2007-06-12"]
["2007-06-13",null,null,null,{"$f":"VLOOKUP(A2722,KO!A$2:B$5479,2,0)","v":0.17}]
["2007-06-14"]
["2007-06-15"]
["2007-06-16"]
["2007-06-17"]
["2007-06-18"]
["2007-06-19"]
["2007-06-20"]
["2007-06-21"]
["2007-06-22"]
["2007-06-23"]
["2007-06-24"]
["2007-06-25"]
["2007-06-26"]
["2007-06-27"]
["2007-06-28"]
["2007-06-29"]
["2007-06-30"]
["2007-07-01"]
["2007-07-02"]
["2007-07-03"]
["2007-07-04"]
["2007-07-05"]
["2007-07-06"]
["2007-07-07"]
["2007-07-08"]
["2007-07-09"]
["2007-07-10"]
["2007-07-11"]
["2007-07-12"]
["2007-07-13"]
["2007-07-14"]
["2007-07-15"]
["2007-07-16"]
["2007-07-17"]
["2007-07-18"]
["2007-07-19"]
["2007-07-20"]
["2007-07-21"]
["2007-07-22"]
["2007-07-23"]
["2007-07-24"]
["2007-07-25"]
["2007-07-26"]
["2007-07-27"]
["2007-07-28"]
["2007-07-29"]
["2007-07-30"]
["2007-07-31"]
["2007-08-01"]
["2007-08-02"]
["2007-08-03"]
["2007-08-04"]
["2007-08-05"]
["2007-08-06"]
["2007-08-07"]
["2007-08-08",null,null,{"$f":"VLOOKUP(A2778,BP!A$2:B$5479,2,0)","v":0.65}]
["2007-08-09",{"$f":"VLOOKUP(A2779,XOM!A$2:B$5479,2,0)","v":0.35}]
["2007-08-10"]
["2007-08-11"]
["2007-08-12"]
["2007-08-13"]
["2007-08-14"]
["2007-08-15"]
["2007-08-16"]
["2007-08-17"]
["2007-08-18"]
["2007-08-19"]
["2007-08-20"]
["2007-08-21"]
["2007-08-22"]
["2007-08-23"]
["2007-08-24"]
["2007-08-25"]
["2007-08-26"]
["2007-08-27"]
["2007-08-28"]
["2007-08-29"]
["2007-08-30"]
["2007-08-31"]
["2007-09-01"]
["2007-09-02"]
["2007-09-03"]
["2007-09-04"]
["2007-09-05"]
["2007-09-06"]
["2007-09-07"]
["2007-09-08"]
["2007-09-09"]
["2007-09-10"]
["2007-09-11"]
["2007-09-12",null,null,null,{"$f":"VLOOKUP(A2813,KO!A$2:B$5479,2,0)","v":0.17}]
["2007-09-13"]
["2007-09-14"]
["2007-09-15"]
["2007-09-16"]
["2007-09-17"]
["2007-09-18"]
["2007-09-19"]
["2007-09-20"]
["2007-09-21"]
["2007-09-22"]
["2007-09-23"]
["2007-09-24"]
["2007-09-25"]
["2007-09-26"]
["2007-09-27"]
["2007-09-28"]
["2007-09-29"]
["2007-09-30"]
["2007-10-01"]
["2007-10-02"]
["2007-10-03"]
["2007-10-04"]
["2007-10-05"]
["2007-10-06"]
["2007-10-07"]
["2007-10-08"]
["2007-10-09"]
["2007-10-10"]
["2007-10-11"]
["2007-10-12"]
["2007-10-13"]
["2007-10-14"]
["2007-10-15"]
["2007-10-16"]
["2007-10-17"]
["2007-10-18"]
["2007-10-19"]
["2007-10-20"]
["2007-10-21"]
["2007-10-22"]
["2007-10-23"]
["2007-10-24"]
["2007-10-25"]
["2007-10-26"]
["2007-10-27"]
["2007-10-28"]
["2007-10-29"]
["2007-10-30"]
["2007-10-31"]
["2007-11-01"]
["2007-11-02"]
["2007-11-03"]
["2007-11-04"]
["2007-11-05"]
["2007-11-06"]
["2007-11-07",{"$f":"VLOOKUP(A2869,XOM!A$2:B$5479,2,0)","v":0.35},null,{"$f":"VLOOKUP(A2869,BP!A$2:B$5479,2,0)","v":0.65}]
["2007-11-08"]
["2007-11-09"]
["2007-11-10"]
["2007-11-11"]
["2007-11-12"]
["2007-11-13",null,{"$f":"VLOOKUP(A2875,MCD!A$2:B$5479,2,0)","v":1.5}]
["2007-11-14"]
["2007-11-15"]
["2007-11-16"]
["2007-11-17"]
["2007-11-18"]
["2007-11-19"]
["2007-11-20"]
["2007-11-21"]
["2007-11-22"]
["2007-11-23"]
["2007-11-24"]
["2007-11-25"]
["2007-11-26"]
["2007-11-27"]
["2007-11-28",null,null,null,{"$f":"VLOOKUP(A2890,KO!A$2:B$5479,2,0)","v":0.17}]
["2007-11-29"]
["2007-11-30"]
["2007-12-01"]
["2007-12-02"]
["2007-12-03"]
["2007-12-04"]
["2007-12-05"]
["2007-12-06"]
["2007-12-07"]
["2007-12-08"]
["2007-12-09"]
["2007-12-10"]
["2007-12-11"]
["2007-12-12"]
["2007-12-13"]
["2007-12-14"]
["2007-12-15"]
["2007-12-16"]
["2007-12-17"]
["2007-12-18"]
["2007-12-19"]
["2007-12-20"]
["2007-12-21"]
["2007-12-22"]
["2007-12-23"]
["2007-12-24"]
["2007-12-25"]
["2007-12-26"]
["2007-12-27"]
["2007-12-28"]
["2007-12-29"]
["2007-12-30"]
["2007-12-31"]
["2008-01-01"]
["2008-01-02"]
["2008-01-03"]
["2008-01-04"]
["2008-01-05"]
["2008-01-06"]
["2008-01-07"]
["2008-01-08"]
["2008-01-09"]
["2008-01-10"]
["2008-01-11"]
["2008-01-12"]
["2008-01-13"]
["2008-01-14"]
["2008-01-15"]
["2008-01-16"]
["2008-01-17"]
["2008-01-18"]
["2008-01-19"]
["2008-01-20"]
["2008-01-21"]
["2008-01-22"]
["2008-01-23"]
["2008-01-24"]
["2008-01-25"]
["2008-01-26"]
["2008-01-27"]
["2008-01-28"]
["2008-01-29"]
["2008-01-30"]
["2008-01-31"]
["2008-02-01"]
["2008-02-02"]
["2008-02-03"]
["2008-02-04"]
["2008-02-05"]
["2008-02-06"]
["2008-02-07",{"$f":"VLOOKUP(A2961,XOM!A$2:B$5479,2,0)","v":0.35}]
["2008-02-08"]
["2008-02-09"]
["2008-02-10"]
["2008-02-11"]
["2008-02-12"]
["2008-02-13"]
["2008-02-14"]
["2008-02-15"]
["2008-02-16"]
["2008-02-17"]
["2008-02-18"]
["2008-02-19"]
["2008-02-20",null,null,{"$f":"VLOOKUP(A2974,BP!A$2:B$5479,2,0)","v":0.81200000000000006}]
["2008-02-21"]
["2008-02-22"]
["2008-02-23"]
["2008-02-24"]
["2008-02-25"]
["2008-02-26"]
["2008-02-27"]
["2008-02-28",null,{"$f":"VLOOKUP(A2982,MCD!A$2:B$5479,2,0)","v":0.375}]
["2008-02-29"]
["2008-03-01"]
["2008-03-02"]
["2008-03-03"]
["2008-03-04"]
["2008-03-05"]
["2008-03-06"]
["2008-03-07"]
["2008-03-08"]
["2008-03-09"]
["2008-03-10"]
["2008-03-11"]
["2008-03-12",null,null,null,{"$f":"VLOOKUP(A2995,KO!A$2:B$5479,2,0)","v":0.19}]
["2008-03-13"]
["2008-03-14"]
["2008-03-15"]
["2008-03-16"]
["2008-03-17"]
["2008-03-18"]
["2008-03-19"]
["2008-03-20"]
["2008-03-21"]
["2008-03-22"]
["2008-03-23"]
["2008-03-24"]
["2008-03-25"]
["2008-03-26"]
["2008-03-27"]
["2008-03-28"]
["2008-03-29"]
["2008-03-30"]
["2008-03-31"]
["2008-04-01"]
["2008-04-02"]
["2008-04-03"]
["2008-04-04"]
["2008-04-05"]
["2008-04-06"]
["2008-04-07"]
["2008-04-08"]
["2008-04-09"]
["2008-04-10"]
["2008-04-11"]
["2008-04-12"]
["2008-04-13"]
["2008-04-14"]
["2008-04-15"]
["2008-04-16"]
["2008-04-17"]
["2008-04-18"]
["2008-04-19"]
["2008-04-20"]
["2008-04-21"]
["2008-04-22"]
["2008-04-23"]
["2008-04-24"]
["2008-04-25"]
["2008-04-26"]
["2008-04-27"]
["2008-04-28"]
["2008-04-29"]
["2008-04-30"]
["2008-05-01"]
["2008-05-02"]
["2008-05-03"]
["2008-05-04"]
["2008-05-05"]
["2008-05-06"]
["2008-05-07"]
["2008-05-08"]
["2008-05-09",{"$f":"VLOOKUP(A3053,XOM!A$2:B$5479,2,0)","v":0.4}]
["2008-05-10"]
["2008-05-11"]
["2008-05-12"]
["2008-05-13"]
["2008-05-14",null,null,{"$f":"VLOOKUP(A3058,BP!A$2:B$5479,2,0)","v":0.81200000000000006}]
["2008-05-15"]
["2008-05-16"]
["2008-05-17"]
["2008-05-18"]
["2008-05-19"]
["2008-05-20"]
["2008-05-21"]
["2008-05-22"]
["2008-05-23"]
["2008-05-24"]
["2008-05-25"]
["2008-05-26"]
["2008-05-27"]
["2008-05-28"]
["2008-05-29"]
["2008-05-30"]
["2008-05-31"]
["2008-06-01"]
["2008-06-02"]
["2008-06-03"]
["2008-06-04"]
["2008-06-05",null,{"$f":"VLOOKUP(A3080,MCD!A$2:B$5479,2,0)","v":0.375}]
["2008-06-06"]
["2008-06-07"]
["2008-06-08"]
["2008-06-09"]
["2008-06-10"]
["2008-06-11",null,null,null,{"$f":"VLOOKUP(A3086,KO!A$2:B$5479,2,0)","v":0.19}]
["2008-06-12"]
["2008-06-13"]
["2008-06-14"]
["2008-06-15"]
["2008-06-16"]
["2008-06-17"]
["2008-06-18"]
["2008-06-19"]
["2008-06-20"]
["2008-06-21"]
["2008-06-22"]
["2008-06-23"]
["2008-06-24"]
["2008-06-25"]
["2008-06-26"]
["2008-06-27"]
["2008-06-28"]
["2008-06-29"]
["2008-06-30"]
["2008-07-01"]
["2008-07-02"]
["2008-07-03"]
["2008-07-04"]
["2008-07-05"]
["2008-07-06"]
["2008-07-07"]
["2008-07-08"]
["2008-07-09"]
["2008-07-10"]
["2008-07-11"]
["2008-07-12"]
["2008-07-13"]
["2008-07-14"]
["2008-07-15"]
["2008-07-16"]
["2008-07-17"]
["2008-07-18"]
["2008-07-19"]
["2008-07-20"]
["2008-07-21"]
["2008-07-22"]
["2008-07-23"]
["2008-07-24"]
["2008-07-25"]
["2008-07-26"]
["2008-07-27"]
["2008-07-28"]
["2008-07-29"]
["2008-07-30"]
["2008-07-31"]
["2008-08-01"]
["2008-08-02"]
["2008-08-03"]
["2008-08-04"]
["2008-08-05"]
["2008-08-06"]
["2008-08-07"]
["2008-08-08"]
["2008-08-09"]
["2008-08-10"]
["2008-08-11",{"$f":"VLOOKUP(A3147,XOM!A$2:B$5479,2,0)","v":0.4}]
["2008-08-12"]
["2008-08-13",null,null,{"$f":"VLOOKUP(A3149,BP!A$2:B$5479,2,0)","v":0.84}]
["2008-08-14"]
["2008-08-15"]
["2008-08-16"]
["2008-08-17"]
["2008-08-18"]
["2008-08-19"]
["2008-08-20"]
["2008-08-21"]
["2008-08-22"]
["2008-08-23"]
["2008-08-24"]
["2008-08-25"]
["2008-08-26"]
["2008-08-27"]
["2008-08-28",null,{"$f":"VLOOKUP(A3164,MCD!A$2:B$5479,2,0)","v":0.375}]
["2008-08-29"]
["2008-08-30"]
["2008-08-31"]
["2008-09-01"]
["2008-09-02"]
["2008-09-03"]
["2008-09-04"]
["2008-09-05"]
["2008-09-06"]
["2008-09-07"]
["2008-09-08"]
["2008-09-09"]
["2008-09-10"]
["2008-09-11",null,null,null,{"$f":"VLOOKUP(A3178,KO!A$2:B$5479,2,0)","v":0.19}]
["2008-09-12"]
["2008-09-13"]
["2008-09-14"]
["2008-09-15"]
["2008-09-16"]
["2008-09-17"]
["2008-09-18"]
["2008-09-19"]
["2008-09-20"]
["2008-09-21"]
["2008-09-22"]
["2008-09-23"]
["2008-09-24"]
["2008-09-25"]
["2008-09-26"]
["2008-09-27"]
["2008-09-28"]
["2008-09-29"]
["2008-09-30"]
["2008-10-01"]
["2008-10-02"]
["2008-10-03"]
["2008-10-04"]
["2008-10-05"]
["2008-10-06"]
["2008-10-07"]
["2008-10-08"]
["2008-10-09"]
["2008-10-10"]
["2008-10-11"]
["2008-10-12"]
["2008-10-13"]
["2008-10-14"]
["2008-10-15"]
["2008-10-16"]
["2008-10-17"]
["2008-10-18"]
["2008-10-19"]
["2008-10-20"]
["2008-10-21"]
["2008-10-22"]
["2008-10-23"]
["2008-10-24"]
["2008-10-25"]
["2008-10-26"]
["2008-10-27"]
["2008-10-28"]
["2008-10-29"]
["2008-10-30"]
["2008-10-31"]
["2008-11-01"]
["2008-11-02"]
["2008-11-03"]
["2008-11-04"]
["2008-11-05"]
["2008-11-06"]
["2008-11-07",{"$f":"VLOOKUP(A3235,XOM!A$2:B$5479,2,0)","v":0.4}]
["2008-11-08"]
["2008-11-09"]
["2008-11-10"]
["2008-11-11"]
["2008-11-12",null,null,{"$f":"VLOOKUP(A3240,BP!A$2:B$5479,2,0)","v":0.84}]
["2008-11-13"]
["2008-11-14"]
["2008-11-15"]
["2008-11-16"]
["2008-11-17"]
["2008-11-18"]
["2008-11-19"]
["2008-11-20"]
["2008-11-21"]
["2008-11-22"]
["2008-11-23"]
["2008-11-24"]
["2008-11-25"]
["2008-11-26",null,{"$f":"VLOOKUP(A3254,MCD!A$2:B$5479,2,0)","v":0.5},null,{"$f":"VLOOKUP(A3254,KO!A$2:B$5479,2,0)","v":0.19}]
["2008-11-27"]
["2008-11-28"]
["2008-11-29"]
["2008-11-30"]
["2008-12-01"]
["2008-12-02"]
["2008-12-03"]
["2008-12-04"]
["2008-12-05"]
["2008-12-06"]
["2008-12-07"]
["2008-12-08"]
["2008-12-09"]
["2008-12-10"]
["2008-12-11"]
["2008-12-12"]
["2008-12-13"]
["2008-12-14"]
["2008-12-15"]
["2008-12-16"]
["2008-12-17"]
["2008-12-18"]
["2008-12-19"]
["2008-12-20"]
["2008-12-21"]
["2008-12-22"]
["2008-12-23"]
["2008-12-24"]
["2008-12-25"]
["2008-12-26"]
["2008-12-27"]
["2008-12-28"]
["2008-12-29"]
["2008-12-30"]
["2008-12-31"]
["2009-01-01"]
["2009-01-02"]
["2009-01-03"]
["2009-01-04"]
["2009-01-05"]
["2009-01-06"]
["2009-01-07"]
["2009-01-08"]
["2009-01-09"]
["2009-01-10"]
["2009-01-11"]
["2009-01-12"]
["2009-01-13"]
["2009-01-14"]
["2009-01-15"]
["2009-01-16"]
["2009-01-17"]
["2009-01-18"]
["2009-01-19"]
["2009-01-20"]
["2009-01-21"]
["2009-01-22"]
["2009-01-23"]
["2009-01-24"]
["2009-01-25"]
["2009-01-26"]
["2009-01-27"]
["2009-01-28"]
["2009-01-29"]
["2009-01-30"]
["2009-01-31"]
["2009-02-01"]
["2009-02-02"]
["2009-02-03"]
["2009-02-04"]
["2009-02-05"]
["2009-02-06",{"$f":"VLOOKUP(A3326,XOM!A$2:B$5479,2,0)","v":0.4}]
["2009-02-07"]
["2009-02-08"]
["2009-02-09"]
["2009-02-10"]
["2009-02-11"]
["2009-02-12"]
["2009-02-13"]
["2009-02-14"]
["2009-02-15"]
["2009-02-16"]
["2009-02-17"]
["2009-02-18",null,null,{"$f":"VLOOKUP(A3338,BP!A$2:B$5479,2,0)","v":0.84}]
["2009-02-19"]
["2009-02-20"]
["2009-02-21"]
["2009-02-22"]
["2009-02-23"]
["2009-02-24"]
["2009-02-25"]
["2009-02-26",null,{"$f":"VLOOKUP(A3346,MCD!A$2:B$5479,2,0)","v":0.5}]
["2009-02-27"]
["2009-02-28"]
["2009-03-01"]
["2009-03-02"]
["2009-03-03"]
["2009-03-04"]
["2009-03-05"]
["2009-03-06"]
["2009-03-07"]
["2009-03-08"]
["2009-03-09"]
["2009-03-10"]
["2009-03-11",null,null,null,{"$f":"VLOOKUP(A3359,KO!A$2:B$5479,2,0)","v":0.20499999999999999}]
["2009-03-12"]
["2009-03-13"]
["2009-03-14"]
["2009-03-15"]
["2009-03-16"]
["2009-03-17"]
["2009-03-18"]
["2009-03-19"]
["2009-03-20"]
["2009-03-21"]
["2009-03-22"]
["2009-03-23"]
["2009-03-24"]
["2009-03-25"]
["2009-03-26"]
["2009-03-27"]
["2009-03-28"]
["2009-03-29"]
["2009-03-30"]
["2009-03-31"]
["2009-04-01"]
["2009-04-02"]
["2009-04-03"]
["2009-04-04"]
["2009-04-05"]
["2009-04-06"]
["2009-04-07"]
["2009-04-08"]
["2009-04-09"]
["2009-04-10"]
["2009-04-11"]
["2009-04-12"]
["2009-04-13"]
["2009-04-14"]
["2009-04-15"]
["2009-04-16"]
["2009-04-17"]
["2009-04-18"]
["2009-04-19"]
["2009-04-20"]
["2009-04-21"]
["2009-04-22"]
["2009-04-23"]
["2009-04-24"]
["2009-04-25"]
["2009-04-26"]
["2009-04-27"]
["2009-04-28"]
["2009-04-29"]
["2009-04-30"]
["2009-05-01"]
["2009-05-02"]
["2009-05-03"]
["2009-05-04"]
["2009-05-05"]
["2009-05-06"]
["2009-05-07"]
["2009-05-08"]
["2009-05-09"]
["2009-05-10"]
["2009-05-11",{"$f":"VLOOKUP(A3420,XOM!A$2:B$5479,2,0)","v":0.42}]
["2009-05-12"]
["2009-05-13",null,null,{"$f":"VLOOKUP(A3422,BP!A$2:B$5479,2,0)","v":0.84}]
["2009-05-14"]
["2009-05-15"]
["2009-05-16"]
["2009-05-17"]
["2009-05-18"]
["2009-05-19"]
["2009-05-20"]
["2009-05-21"]
["2009-05-22"]
["2009-05-23"]
["2009-05-24"]
["2009-05-25"]
["2009-05-26"]
["2009-05-27"]
["2009-05-28"]
["2009-05-29"]
["2009-05-30"]
["2009-05-31"]
["2009-06-01"]
["2009-06-02"]
["2009-06-03"]
["2009-06-04",null,{"$f":"VLOOKUP(A3444,MCD!A$2:B$5479,2,0)","v":0.5}]
["2009-06-05"]
["2009-06-06"]
["2009-06-07"]
["2009-06-08"]
["2009-06-09"]
["2009-06-10"]
["2009-06-11",null,null,null,{"$f":"VLOOKUP(A3451,KO!A$2:B$5479,2,0)","v":0.20499999999999999}]
["2009-06-12"]
["2009-06-13"]
["2009-06-14"]
["2009-06-15"]
["2009-06-16"]
["2009-06-17"]
["2009-06-18"]
["2009-06-19"]
["2009-06-20"]
["2009-06-21"]
["2009-06-22"]
["2009-06-23"]
["2009-06-24"]
["2009-06-25"]
["2009-06-26"]
["2009-06-27"]
["2009-06-28"]
["2009-06-29"]
["2009-06-30"]
["2009-07-01"]
["2009-07-02"]
["2009-07-03"]
["2009-07-04"]
["2009-07-05"]
["2009-07-06"]
["2009-07-07"]
["2009-07-08"]
["2009-07-09"]
["2009-07-10"]
["2009-07-11"]
["2009-07-12"]
["2009-07-13"]
["2009-07-14"]
["2009-07-15"]
["2009-07-16"]
["2009-07-17"]
["2009-07-18"]
["2009-07-19"]
["2009-07-20"]
["2009-07-21"]
["2009-07-22"]
["2009-07-23"]
["2009-07-24"]
["2009-07-25"]
["2009-07-26"]
["2009-07-27"]
["2009-07-28"]
["2009-07-29"]
["2009-07-30"]
["2009-07-31"]
["2009-08-01"]
["2009-08-02"]
["2009-08-03"]
["2009-08-04"]
["2009-08-05"]
["2009-08-06"]
["2009-08-07"]
["2009-08-08"]
["2009-08-09"]
["2009-08-10"]
["2009-08-11",{"$f":"VLOOKUP(A3512,XOM!A$2:B$5479,2,0)","v":0.42}]
["2009-08-12",null,null,{"$f":"VLOOKUP(A3513,BP!A$2:B$5479,2,0)","v":0.84}]
["2009-08-13"]
["2009-08-14"]
["2009-08-15"]
["2009-08-16"]
["2009-08-17"]
["2009-08-18"]
["2009-08-19"]
["2009-08-20"]
["2009-08-21"]
["2009-08-22"]
["2009-08-23"]
["2009-08-24"]
["2009-08-25"]
["2009-08-26"]
["2009-08-27"]
["2009-08-28",null,{"$f":"VLOOKUP(A3529,MCD!A$2:B$5479,2,0)","v":0.5}]
["2009-08-29"]
["2009-08-30"]
["2009-08-31"]
["2009-09-01"]
["2009-09-02"]
["2009-09-03"]
["2009-09-04"]
["2009-09-05"]
["2009-09-06"]
["2009-09-07"]
["2009-09-08"]
["2009-09-09"]
["2009-09-10"]
["2009-09-11",null,null,null,{"$f":"VLOOKUP(A3543,KO!A$2:B$5479,2,0)","v":0.20499999999999999}]
["2009-09-12"]
["2009-09-13"]
["2009-09-14"]
["2009-09-15"]
["2009-09-16"]
["2009-09-17"]
["2009-09-18"]
["2009-09-19"]
["2009-09-20"]
["2009-09-21"]
["2009-09-22"]
["2009-09-23"]
["2009-09-24"]
["2009-09-25"]
["2009-09-26"]
["2009-09-27"]
["2009-09-28"]
["2009-09-29"]
["2009-09-30"]
["2009-10-01"]
["2009-10-02"]
["2009-10-03"]
["2009-10-04"]
["2009-10-05"]
["2009-10-06"]
["2009-10-07"]
["2009-10-08"]
["2009-10-09"]
["2009-10-10"]
["2009-10-11"]
["2009-10-12"]
["2009-10-13"]
["2009-10-14"]
["2009-10-15"]
["2009-10-16"]
["2009-10-17"]
["2009-10-18"]
["2009-10-19"]
["2009-10-20"]
["2009-10-21"]
["2009-10-22"]
["2009-10-23"]
["2009-10-24"]
["2009-10-25"]
["2009-10-26"]
["2009-10-27"]
["2009-10-28"]
["2009-10-29"]
["2009-10-30"]
["2009-10-31"]
["2009-11-01"]
["2009-11-02"]
["2009-11-03"]
["2009-11-04"]
["2009-11-05"]
["2009-11-06"]
["2009-11-07"]
["2009-11-08"]
["2009-11-09",{"$f":"VLOOKUP(A3602,XOM!A$2:B$5479,2,0)","v":0.42}]
["2009-11-10",null,null,{"$f":"VLOOKUP(A3603,BP!A$2:B$5479,2,0)","v":0.84}]
["2009-11-11"]
["2009-11-12"]
["2009-11-13"]
["2009-11-14"]
["2009-11-15"]
["2009-11-16"]
["2009-11-17"]
["2009-11-18"]
["2009-11-19"]
["2009-11-20"]
["2009-11-21"]
["2009-11-22"]
["2009-11-23"]
["2009-11-24"]
["2009-11-25"]
["2009-11-26"]
["2009-11-27",null,{"$f":"VLOOKUP(A3620,MCD!A$2:B$5479,2,0)","v":0.55000000000000004},null,{"$f":"VLOOKUP(A3620,KO!A$2:B$5479,2,0)","v":0.20499999999999999}]
["2009-11-28"]
["2009-11-29"]
["2009-11-30"]
["2009-12-01"]
["2009-12-02"]
["2009-12-03"]
["2009-12-04"]
["2009-12-05"]
["2009-12-06"]
["2009-12-07"]
["2009-12-08"]
["2009-12-09"]
["2009-12-10"]
["2009-12-11"]
["2009-12-12"]
["2009-12-13"]
["2009-12-14"]
["2009-12-15"]
["2009-12-16"]
["2009-12-17"]
["2009-12-18"]
["2009-12-19"]
["2009-12-20"]
["2009-12-21"]
["2009-12-22"]
["2009-12-23"]
["2009-12-24"]
["2009-12-25"]
["2009-12-26"]
["2009-12-27"]
["2009-12-28"]
["2009-12-29"]
["2009-12-30"]
["2009-12-31"]
["2010-01-01"]
["2010-01-02"]
["2010-01-03"]
["2010-01-04"]
["2010-01-05"]
["2010-01-06"]
["2010-01-07"]
["2010-01-08"]
["2010-01-09"]
["2010-01-10"]
["2010-01-11"]
["2010-01-12"]
["2010-01-13"]
["2010-01-14"]
["2010-01-15"]
["2010-01-16"]
["2010-01-17"]
["2010-01-18"]
["2010-01-19"]
["2010-01-20"]
["2010-01-21"]
["2010-01-22"]
["2010-01-23"]
["2010-01-24"]
["2010-01-25"]
["2010-01-26"]
["2010-01-27"]
["2010-01-28"]
["2010-01-29"]
["2010-01-30"]
["2010-01-31"]
["2010-02-01"]
["2010-02-02"]
["2010-02-03"]
["2010-02-04"]
["2010-02-05"]
["2010-02-06"]
["2010-02-07"]
["2010-02-08",{"$f":"VLOOKUP(A3693,XOM!A$2:B$5479,2,0)","v":0.42}]
["2010-02-09"]
["2010-02-10"]
["2010-02-11"]
["2010-02-12"]
["2010-02-13"]
["2010-02-14"]
["2010-02-15"]
["2010-02-16"]
["2010-02-17",null,null,{"$f":"VLOOKUP(A3702,BP!A$2:B$5479,2,0)","v":0.84}]
["2010-02-18"]
["2010-02-19"]
["2010-02-20"]
["2010-02-21"]
["2010-02-22"]
["2010-02-23"]
["2010-02-24"]
["2010-02-25",null,{"$f":"VLOOKUP(A3710,MCD!A$2:B$5479,2,0)","v":0.55000000000000004}]
["2010-02-26"]
["2010-02-27"]
["2010-02-28"]
["2010-03-01"]
["2010-03-02"]
["2010-03-03"]
["2010-03-04"]
["2010-03-05"]
["2010-03-06"]
["2010-03-07"]
["2010-03-08"]
["2010-03-09"]
["2010-03-10"]
["2010-03-11",null,null,null,{"$f":"VLOOKUP(A3724,KO!A$2:B$5479,2,0)","v":0.22}]
["2010-03-12"]
["2010-03-13"]
["2010-03-14"]
["2010-03-15"]
["2010-03-16"]
["2010-03-17"]
["2010-03-18"]
["2010-03-19"]
["2010-03-20"]
["2010-03-21"]
["2010-03-22"]
["2010-03-23"]
["2010-03-24"]
["2010-03-25"]
["2010-03-26"]
["2010-03-27"]
["2010-03-28"]
["2010-03-29"]
["2010-03-30"]
["2010-03-31"]
["2010-04-01"]
["2010-04-02"]
["2010-04-03"]
["2010-04-04"]
["2010-04-05"]
["2010-04-06"]
["2010-04-07"]
["2010-04-08"]
["2010-04-09"]
["2010-04-10"]
["2010-04-11"]
["2010-04-12"]
["2010-04-13"]
["2010-04-14"]
["2010-04-15"]
["2010-04-16"]
["2010-04-17"]
["2010-04-18"]
["2010-04-19"]
["2010-04-20"]
["2010-04-21"]
["2010-04-22"]
["2010-04-23"]
["2010-04-24"]
["2010-04-25"]
["2010-04-26"]
["2010-04-27"]
["2010-04-28"]
["2010-04-29"]
["2010-04-30"]
["2010-05-01"]
["2010-05-02"]
["2010-05-03"]
["2010-05-04"]
["2010-05-05",null,null,{"$f":"VLOOKUP(A3779,BP!A$2:B$5479,2,0)","v":0.84}]
["2010-05-06"]
["2010-05-07"]
["2010-05-08"]
["2010-05-09"]
["2010-05-10"]
["2010-05-11",{"$f":"VLOOKUP(A3785,XOM!A$2:B$5479,2,0)","v":0.44}]
["2010-05-12"]
["2010-05-13"]
["2010-05-14"]
["2010-05-15"]
["2010-05-16"]
["2010-05-17"]
["2010-05-18"]
["2010-05-19"]
["2010-05-20"]
["2010-05-21"]
["2010-05-22"]
["2010-05-23"]
["2010-05-24"]
["2010-05-25"]
["2010-05-26"]
["2010-05-27",null,{"$f":"VLOOKUP(A3801,MCD!A$2:B$5479,2,0)","v":0.55000000000000004}]
["2010-05-28"]
["2010-05-29"]
["2010-05-30"]
["2010-05-31"]
["2010-06-01"]
["2010-06-02"]
["2010-06-03"]
["2010-06-04"]
["2010-06-05"]
["2010-06-06"]
["2010-06-07"]
["2010-06-08"]
["2010-06-09"]
["2010-06-10"]
["2010-06-11",null,null,null,{"$f":"VLOOKUP(A3816,KO!A$2:B$5479,2,0)","v":0.22}]
["2010-06-12"]
["2010-06-13"]
["2010-06-14"]
["2010-06-15"]
["2010-06-16"]
["2010-06-17"]
["2010-06-18"]
["2010-06-19"]
["2010-06-20"]
["2010-06-21"]
["2010-06-22"]
["2010-06-23"]
["2010-06-24"]
["2010-06-25"]
["2010-06-26"]
["2010-06-27"]
["2010-06-28"]
["2010-06-29"]
["2010-06-30"]
["2010-07-01"]
["2010-07-02"]
["2010-07-03"]
["2010-07-04"]
["2010-07-05"]
["2010-07-06"]
["2010-07-07"]
["2010-07-08"]
["2010-07-09"]
["2010-07-10"]
["2010-07-11"]
["2010-07-12"]
["2010-07-13"]
["2010-07-14"]
["2010-07-15"]
["2010-07-16"]
["2010-07-17"]
["2010-07-18"]
["2010-07-19"]
["2010-07-20"]
["2010-07-21"]
["2010-07-22"]
["2010-07-23"]
["2010-07-24"]
["2010-07-25"]
["2010-07-26"]
["2010-07-27"]
["2010-07-28"]
["2010-07-29"]
["2010-07-30"]
["2010-07-31"]
["2010-08-01"]
["2010-08-02"]
["2010-08-03"]
["2010-08-04"]
["2010-08-05"]
["2010-08-06"]
["2010-08-07"]
["2010-08-08"]
["2010-08-09"]
["2010-08-10"]
["2010-08-11",{"$f":"VLOOKUP(A3877,XOM!A$2:B$5479,2,0)","v":0.44}]
["2010-08-12"]
["2010-08-13"]
["2010-08-14"]
["2010-08-15"]
["2010-08-16"]
["2010-08-17"]
["2010-08-18"]
["2010-08-19"]
["2010-08-20",null,null,null,null,{"$f":"VLOOKUP(A3886,KKR!A$2:B$5479,2,0)","v":0.08}]
["2010-08-21"]
["2010-08-22"]
["2010-08-23"]
["2010-08-24"]
["2010-08-25"]
["2010-08-26"]
["2010-08-27"]
["2010-08-28"]
["2010-08-29"]
["2010-08-30",null,{"$f":"VLOOKUP(A3896,MCD!A$2:B$5479,2,0)","v":0.55000000000000004}]
["2010-08-31"]
["2010-09-01"]
["2010-09-02"]
["2010-09-03"]
["2010-09-04"]
["2010-09-05"]
["2010-09-06"]
["2010-09-07"]
["2010-09-08"]
["2010-09-09"]
["2010-09-10"]
["2010-09-11"]
["2010-09-12"]
["2010-09-13",null,null,null,{"$f":"VLOOKUP(A3910,KO!A$2:B$5479,2,0)","v":0.22}]
["2010-09-14"]
["2010-09-15"]
["2010-09-16"]
["2010-09-17"]
["2010-09-18"]
["2010-09-19"]
["2010-09-20"]
["2010-09-21"]
["2010-09-22"]
["2010-09-23"]
["2010-09-24"]
["2010-09-25"]
["2010-09-26"]
["2010-09-27"]
["2010-09-28"]
["2010-09-29"]
["2010-09-30"]
["2010-10-01"]
["2010-10-02"]
["2010-10-03"]
["2010-10-04"]
["2010-10-05"]
["2010-10-06"]
["2010-10-07"]
["2010-10-08"]
["2010-10-09"]
["2010-10-10"]
["2010-10-11"]
["2010-10-12"]
["2010-10-13"]
["2010-10-14"]
["2010-10-15"]
["2010-10-16"]
["2010-10-17"]
["2010-10-18"]
["2010-10-19"]
["2010-10-20"]
["2010-10-21"]
["2010-10-22"]
["2010-10-23"]
["2010-10-24"]
["2010-10-25"]
["2010-10-26"]
["2010-10-27"]
["2010-10-28"]
["2010-10-29"]
["2010-10-30"]
["2010-10-31"]
["2010-11-01"]
["2010-11-02"]
["2010-11-03"]
["2010-11-04"]
["2010-11-05"]
["2010-11-06"]
["2010-11-07"]
["2010-11-08"]
["2010-11-09",{"$f":"VLOOKUP(A3967,XOM!A$2:B$5479,2,0)","v":0.44},null,null,null,{"$f":"VLOOKUP(A3967,KKR!A$2:B$5479,2,0)","v":0.15}]
["2010-11-10"]
["2010-11-11"]
["2010-11-12"]
["2010-11-13"]
["2010-11-14"]
["2010-11-15"]
["2010-11-16"]
["2010-11-17"]
["2010-11-18"]
["2010-11-19"]
["2010-11-20"]
["2010-11-21"]
["2010-11-22"]
["2010-11-23"]
["2010-11-24"]
["2010-11-25"]
["2010-11-26"]
["2010-11-27"]
["2010-11-28"]
["2010-11-29",null,{"$f":"VLOOKUP(A3987,MCD!A$2:B$5479,2,0)","v":0.61},null,{"$f":"VLOOKUP(A3987,KO!A$2:B$5479,2,0)","v":0.22}]
["2010-11-30"]
["2010-12-01"]
["2010-12-02"]
["2010-12-03"]
["2010-12-04"]
["2010-12-05"]
["2010-12-06"]
["2010-12-07"]
["2010-12-08"]
["2010-12-09"]
["2010-12-10"]
["2010-12-11"]
["2010-12-12"]
["2010-12-13"]
["2010-12-14"]
["2010-12-15"]
["2010-12-16"]
["2010-12-17"]
["2010-12-18"]
["2010-12-19"]
["2010-12-20"]
["2010-12-21"]
["2010-12-22"]
["2010-12-23"]
["2010-12-24"]
["2010-12-25"]
["2010-12-26"]
["2010-12-27"]
["2010-12-28"]
["2010-12-29"]
["2010-12-30"]
["2010-12-31"]
["2011-01-01"]
["2011-01-02"]
["2011-01-03"]
["2011-01-04"]
["2011-01-05"]
["2011-01-06"]
["2011-01-07"]
["2011-01-08"]
["2011-01-09"]
["2011-01-10"]
["2011-01-11"]
["2011-01-12"]
["2011-01-13"]
["2011-01-14"]
["2011-01-15"]
["2011-01-16"]
["2011-01-17"]
["2011-01-18"]
["2011-01-19"]
["2011-01-20"]
["2011-01-21"]
["2011-01-22"]
["2011-01-23"]
["2011-01-24"]
["2011-01-25"]
["2011-01-26"]
["2011-01-27"]
["2011-01-28"]
["2011-01-29"]
["2011-01-30"]
["2011-01-31"]
["2011-02-01"]
["2011-02-02"]
["2011-02-03"]
["2011-02-04"]
["2011-02-05"]
["2011-02-06"]
["2011-02-07"]
["2011-02-08",{"$f":"VLOOKUP(A4058,XOM!A$2:B$5479,2,0)","v":0.44}]
["2011-02-09",null,null,{"$f":"VLOOKUP(A4059,BP!A$2:B$5479,2,0)","v":0.42}]
["2011-02-10"]
["2011-02-11"]
["2011-02-12"]
["2011-02-13"]
["2011-02-14"]
["2011-02-15"]
["2011-02-16"]
["2011-02-17"]
["2011-02-18"]
["2011-02-19"]
["2011-02-20"]
["2011-02-21"]
["2011-02-22"]
["2011-02-23"]
["2011-02-24"]
["2011-02-25",null,{"$f":"VLOOKUP(A4075,MCD!A$2:B$5479,2,0)","v":0.61}]
["2011-02-26"]
["2011-02-27"]
["2011-02-28"]
["2011-03-01"]
["2011-03-02"]
["2011-03-03",null,null,null,null,{"$f":"VLOOKUP(A4081,KKR!A$2:B$5479,2,0)","v":0.28999999999999998}]
["2011-03-04"]
["2011-03-05"]
["2011-03-06"]
["2011-03-07"]
["2011-03-08"]
["2011-03-09"]
["2011-03-10"]
["2011-03-11",null,null,null,{"$f":"VLOOKUP(A4089,KO!A$2:B$5479,2,0)","v":0.23499999999999999}]
["2011-03-12"]
["2011-03-13"]
["2011-03-14"]
["2011-03-15"]
["2011-03-16"]
["2011-03-17"]
["2011-03-18"]
["2011-03-19"]
["2011-03-20"]
["2011-03-21"]
["2011-03-22"]
["2011-03-23"]
["2011-03-24"]
["2011-03-25"]
["2011-03-26"]
["2011-03-27"]
["2011-03-28"]
["2011-03-29"]
["2011-03-30"]
["2011-03-31"]
["2011-04-01"]
["2011-04-02"]
["2011-04-03"]
["2011-04-04"]
["2011-04-05"]
["2011-04-06"]
["2011-04-07"]
["2011-04-08"]
["2011-04-09"]
["2011-04-10"]
["2011-04-11"]
["2011-04-12"]
["2011-04-13"]
["2011-04-14"]
["2011-04-15"]
["2011-04-16"]
["2011-04-17"]
["2011-04-18"]
["2011-04-19"]
["2011-04-20"]
["2011-04-21"]
["2011-04-22"]
["2011-04-23"]
["2011-04-24"]
["2011-04-25"]
["2011-04-26"]
["2011-04-27"]
["2011-04-28"]
["2011-04-29"]
["2011-04-30"]
["2011-05-01"]
["2011-05-02"]
["2011-05-03"]
["2011-05-04"]
["2011-05-05"]
["2011-05-06"]
["2011-05-07"]
["2011-05-08"]
["2011-05-09"]
["2011-05-10"]
["2011-05-11",{"$f":"VLOOKUP(A4150,XOM!A$2:B$5479,2,0)","v":0.47},null,{"$f":"VLOOKUP(A4150,BP!A$2:B$5479,2,0)","v":0.42}]
["2011-05-12",null,null,null,null,{"$f":"VLOOKUP(A4151,KKR!A$2:B$5479,2,0)","v":0.21}]
["2011-05-13"]
["2011-05-14"]
["2011-05-15"]
["2011-05-16"]
["2011-05-17"]
["2011-05-18"]
["2011-05-19"]
["2011-05-20"]
["2011-05-21"]
["2011-05-22"]
["2011-05-23"]
["2011-05-24"]
["2011-05-25"]
["2011-05-26"]
["2011-05-27",null,{"$f":"VLOOKUP(A4166,MCD!A$2:B$5479,2,0)","v":0.61}]
["2011-05-28"]
["2011-05-29"]
["2011-05-30"]
["2011-05-31"]
["2011-06-01"]
["2011-06-02"]
["2011-06-03"]
["2011-06-04"]
["2011-06-05"]
["2011-06-06"]
["2011-06-07"]
["2011-06-08"]
["2011-06-09"]
["2011-06-10"]
["2011-06-11"]
["2011-06-12"]
["2011-06-13",null,null,null,{"$f":"VLOOKUP(A4183,KO!A$2:B$5479,2,0)","v":0.23499999999999999}]
["2011-06-14"]
["2011-06-15"]
["2011-06-16"]
["2011-06-17"]
["2011-06-18"]
["2011-06-19"]
["2011-06-20"]
["2011-06-21"]
["2011-06-22"]
["2011-06-23"]
["2011-06-24"]
["2011-06-25"]
["2011-06-26"]
["2011-06-27"]
["2011-06-28"]
["2011-06-29"]
["2011-06-30"]
["2011-07-01"]
["2011-07-02"]
["2011-07-03"]
["2011-07-04"]
["2011-07-05"]
["2011-07-06"]
["2011-07-07"]
["2011-07-08"]
["2011-07-09"]
["2011-07-10"]
["2011-07-11"]
["2011-07-12"]
["2011-07-13"]
["2011-07-14"]
["2011-07-15"]
["2011-07-16"]
["2011-07-17"]
["2011-07-18"]
["2011-07-19"]
["2011-07-20"]
["2011-07-21"]
["2011-07-22"]
["2011-07-23"]
["2011-07-24"]
["2011-07-25"]
["2011-07-26"]
["2011-07-27"]
["2011-07-28"]
["2011-07-29"]
["2011-07-30"]
["2011-07-31"]
["2011-08-01"]
["2011-08-02"]
["2011-08-03",null,null,{"$f":"VLOOKUP(A4234,BP!A$2:B$5479,2,0)","v":0.42}]
["2011-08-04"]
["2011-08-05"]
["2011-08-06"]
["2011-08-07"]
["2011-08-08"]
["2011-08-09"]
["2011-08-10",{"$f":"VLOOKUP(A4241,XOM!A$2:B$5479,2,0)","v":0.47}]
["2011-08-11",null,null,null,null,{"$f":"VLOOKUP(A4242,KKR!A$2:B$5479,2,0)","v":0.11}]
["2011-08-12"]
["2011-08-13"]
["2011-08-14"]
["2011-08-15"]
["2011-08-16"]
["2011-08-17"]
["2011-08-18"]
["2011-08-19"]
["2011-08-20"]
["2011-08-21"]
["2011-08-22"]
["2011-08-23"]
["2011-08-24"]
["2011-08-25"]
["2011-08-26"]
["2011-08-27"]
["2011-08-28"]
["2011-08-29"]
["2011-08-30",null,{"$f":"VLOOKUP(A4261,MCD!A$2:B$5479,2,0)","v":0.61}]
["2011-08-31"]
["2011-09-01"]
["2011-09-02"]
["2011-09-03"]
["2011-09-04"]
["2011-09-05"]
["2011-09-06"]
["2011-09-07"]
["2011-09-08"]
["2011-09-09"]
["2011-09-10"]
["2011-09-11"]
["2011-09-12"]
["2011-09-13",null,null,null,{"$f":"VLOOKUP(A4275,KO!A$2:B$5479,2,0)","v":0.23499999999999999}]
["2011-09-14"]
["2011-09-15"]
["2011-09-16"]
["2011-09-17"]
["2011-09-18"]
["2011-09-19"]
["2011-09-20"]
["2011-09-21"]
["2011-09-22"]
["2011-09-23"]
["2011-09-24"]
["2011-09-25"]
["2011-09-26"]
["2011-09-27"]
["2011-09-28"]
["2011-09-29"]
["2011-09-30"]
["2011-10-01"]
["2011-10-02"]
["2011-10-03"]
["2011-10-04"]
["2011-10-05"]
["2011-10-06"]
["2011-10-07"]
["2011-10-08"]
["2011-10-09"]
["2011-10-10"]
["2011-10-11"]
["2011-10-12"]
["2011-10-13"]
["2011-10-14"]
["2011-10-15"]
["2011-10-16"]
["2011-10-17"]
["2011-10-18"]
["2011-10-19"]
["2011-10-20"]
["2011-10-21"]
["2011-10-22"]
["2011-10-23"]
["2011-10-24"]
["2011-10-25"]
["2011-10-26"]
["2011-10-27"]
["2011-10-28"]
["2011-10-29"]
["2011-10-30"]
["2011-10-31"]
["2011-11-01"]
["2011-11-02",null,null,{"$f":"VLOOKUP(A4325,BP!A$2:B$5479,2,0)","v":0.42}]
["2011-11-03"]
["2011-11-04"]
["2011-11-05"]
["2011-11-06"]
["2011-11-07"]
["2011-11-08",{"$f":"VLOOKUP(A4331,XOM!A$2:B$5479,2,0)","v":0.47}]
["2011-11-09",null,null,null,null,{"$f":"VLOOKUP(A4332,KKR!A$2:B$5479,2,0)","v":0.1}]
["2011-11-10"]
["2011-11-11"]
["2011-11-12"]
["2011-11-13"]
["2011-11-14"]
["2011-11-15"]
["2011-11-16"]
["2011-11-17"]
["2011-11-18"]
["2011-11-19"]
["2011-11-20"]
["2011-11-21"]
["2011-11-22"]
["2011-11-23"]
["2011-11-24"]
["2011-11-25"]
["2011-11-26"]
["2011-11-27"]
["2011-11-28"]
["2011-11-29",null,{"$f":"VLOOKUP(A4352,MCD!A$2:B$5479,2,0)","v":0.7},null,{"$f":"VLOOKUP(A4352,KO!A$2:B$5479,2,0)","v":0.23499999999999999}]
["2011-11-30"]
["2011-12-01"]
["2011-12-02"]
["2011-12-03"]
["2011-12-04"]
["2011-12-05"]
["2011-12-06"]
["2011-12-07"]
["2011-12-08"]
["2011-12-09"]
["2011-12-10"]
["2011-12-11"]
["2011-12-12"]
["2011-12-13"]
["2011-12-14"]
["2011-12-15"]
["2011-12-16"]
["2011-12-17"]
["2011-12-18"]
["2011-12-19"]
["2011-12-20"]
["2011-12-21"]
["2011-12-22"]
["2011-12-23"]
["2011-12-24"]
["2011-12-25"]
["2011-12-26"]
["2011-12-27"]
["2011-12-28"]
["2011-12-29"]
["2011-12-30"]
["2011-12-31"]
["2012-01-01"]
["2012-01-02"]
["2012-01-03"]
["2012-01-04"]
["2012-01-05"]
["2012-01-06"]
["2012-01-07"]
["2012-01-08"]
["2012-01-09"]
["2012-01-10"]
["2012-01-11"]
["2012-01-12"]
["2012-01-13"]
["2012-01-14"]
["2012-01-15"]
["2012-01-16"]
["2012-01-17"]
["2012-01-18"]
["2012-01-19"]
["2012-01-20"]
["2012-01-21"]
["2012-01-22"]
["2012-01-23"]
["2012-01-24"]
["2012-01-25"]
["2012-01-26"]
["2012-01-27"]
["2012-01-28"]
["2012-01-29"]
["2012-01-30"]
["2012-01-31"]
["2012-02-01"]
["2012-02-02"]
["2012-02-03"]
["2012-02-04"]
["2012-02-05"]
["2012-02-06"]
["2012-02-07"]
["2012-02-08",{"$f":"VLOOKUP(A4423,XOM!A$2:B$5479,2,0)","v":0.47}]
["2012-02-09"]
["2012-02-10"]
["2012-02-11"]
["2012-02-12"]
["2012-02-13"]
["2012-02-14"]
["2012-02-15",null,null,{"$f":"VLOOKUP(A4430,BP!A$2:B$5479,2,0)","v":0.48}]
["2012-02-16",null,null,null,null,{"$f":"VLOOKUP(A4431,KKR!A$2:B$5479,2,0)","v":0.32}]
["2012-02-17"]
["2012-02-18"]
["2012-02-19"]
["2012-02-20"]
["2012-02-21"]
["2012-02-22"]
["2012-02-23"]
["2012-02-24"]
["2012-02-25"]
["2012-02-26"]
["2012-02-27"]
["2012-02-28",null,{"$f":"VLOOKUP(A4443,MCD!A$2:B$5479,2,0)","v":0.7}]
["2012-02-29"]
["2012-03-01"]
["2012-03-02"]
["2012-03-03"]
["2012-03-04"]
["2012-03-05"]
["2012-03-06"]
["2012-03-07"]
["2012-03-08"]
["2012-03-09"]
["2012-03-10"]
["2012-03-11"]
["2012-03-12"]
["2012-03-13",null,null,null,{"$f":"VLOOKUP(A4457,KO!A$2:B$5479,2,0)","v":0.255}]
["2012-03-14"]
["2012-03-15"]
["2012-03-16"]
["2012-03-17"]
["2012-03-18"]
["2012-03-19"]
["2012-03-20"]
["2012-03-21"]
["2012-03-22"]
["2012-03-23"]
["2012-03-24"]
["2012-03-25"]
["2012-03-26"]
["2012-03-27"]
["2012-03-28"]
["2012-03-29"]
["2012-03-30"]
["2012-03-31"]
["2012-04-01"]
["2012-04-02"]
["2012-04-03"]
["2012-04-04"]
["2012-04-05"]
["2012-04-06"]
["2012-04-07"]
["2012-04-08"]
["2012-04-09"]
["2012-04-10"]
["2012-04-11"]
["2012-04-12"]
["2012-04-13"]
["2012-04-14"]
["2012-04-15"]
["2012-04-16"]
["2012-04-17"]
["2012-04-18"]
["2012-04-19"]
["2012-04-20"]
["2012-04-21"]
["2012-04-22"]
["2012-04-23"]
["2012-04-24"]
["2012-04-25"]
["2012-04-26"]
["2012-04-27"]
["2012-04-28"]
["2012-04-29"]
["2012-04-30"]
["2012-05-01"]
["2012-05-02"]
["2012-05-03",null,null,null,null,{"$f":"VLOOKUP(A4508,KKR!A$2:B$5479,2,0)","v":0.15}]
["2012-05-04"]
["2012-05-05"]
["2012-05-06"]
["2012-05-07"]
["2012-05-08"]
["2012-05-09",null,null,{"$f":"VLOOKUP(A4514,BP!A$2:B$5479,2,0)","v":0.48}]
["2012-05-10",{"$f":"VLOOKUP(A4515,XOM!A$2:B$5479,2,0)","v":0.56999999999999995}]
["2012-05-11"]
["2012-05-12"]
["2012-05-13"]
["2012-05-14"]
["2012-05-15"]
["2012-05-16"]
["2012-05-17"]
["2012-05-18"]
["2012-05-19"]
["2012-05-20"]
["2012-05-21"]
["2012-05-22"]
["2012-05-23"]
["2012-05-24"]
["2012-05-25"]
["2012-05-26"]
["2012-05-27"]
["2012-05-28"]
["2012-05-29"]
["2012-05-30"]
["2012-05-31",null,{"$f":"VLOOKUP(A4536,MCD!A$2:B$5479,2,0)","v":0.7}]
["2012-06-01"]
["2012-06-02"]
["2012-06-03"]
["2012-06-04"]
["2012-06-05"]
["2012-06-06"]
["2012-06-07"]
["2012-06-08"]
["2012-06-09"]
["2012-06-10"]
["2012-06-11"]
["2012-06-12"]
["2012-06-13",null,null,null,{"$f":"VLOOKUP(A4549,KO!A$2:B$5479,2,0)","v":0.255}]
["2012-06-14"]
["2012-06-15"]
["2012-06-16"]
["2012-06-17"]
["2012-06-18"]
["2012-06-19"]
["2012-06-20"]
["2012-06-21"]
["2012-06-22"]
["2012-06-23"]
["2012-06-24"]
["2012-06-25"]
["2012-06-26"]
["2012-06-27"]
["2012-06-28"]
["2012-06-29"]
["2012-06-30"]
["2012-07-01"]
["2012-07-02"]
["2012-07-03"]
["2012-07-04"]
["2012-07-05"]
["2012-07-06"]
["2012-07-07"]
["2012-07-08"]
["2012-07-09"]
["2012-07-10"]
["2012-07-11"]
["2012-07-12"]
["2012-07-13"]
["2012-07-14"]
["2012-07-15"]
["2012-07-16"]
["2012-07-17"]
["2012-07-18"]
["2012-07-19"]
["2012-07-20"]
["2012-07-21"]
["2012-07-22"]
["2012-07-23"]
["2012-07-24"]
["2012-07-25"]
["2012-07-26"]
["2012-07-27"]
["2012-07-28"]
["2012-07-29"]
["2012-07-30"]
["2012-07-31"]
["2012-08-01"]
["2012-08-02",null,null,null,null,{"$f":"VLOOKUP(A4599,KKR!A$2:B$5479,2,0)","v":0.13}]
["2012-08-03"]
["2012-08-04"]
["2012-08-05"]
["2012-08-06"]
["2012-08-07"]
["2012-08-08",null,null,{"$f":"VLOOKUP(A4605,BP!A$2:B$5479,2,0)","v":0.48}]
["2012-08-09",{"$f":"VLOOKUP(A4606,XOM!A$2:B$5479,2,0)","v":0.56999999999999995}]
["2012-08-10"]
["2012-08-11"]
["2012-08-12"]
["2012-08-13"]
["2012-08-14"]
["2012-08-15"]
["2012-08-16"]
["2012-08-17"]
["2012-08-18"]
["2012-08-19"]
["2012-08-20"]
["2012-08-21"]
["2012-08-22"]
["2012-08-23"]
["2012-08-24"]
["2012-08-25"]
["2012-08-26"]
["2012-08-27"]
["2012-08-28"]
["2012-08-29"]
["2012-08-30",null,{"$f":"VLOOKUP(A4627,MCD!A$2:B$5479,2,0)","v":0.7}]
["2012-08-31"]
["2012-09-01"]
["2012-09-02"]
["2012-09-03"]
["2012-09-04"]
["2012-09-05"]
["2012-09-06"]
["2012-09-07"]
["2012-09-08"]
["2012-09-09"]
["2012-09-10"]
["2012-09-11"]
["2012-09-12",null,null,null,{"$f":"VLOOKUP(A4640,KO!A$2:B$5479,2,0)","v":0.255}]
["2012-09-13"]
["2012-09-14"]
["2012-09-15"]
["2012-09-16"]
["2012-09-17"]
["2012-09-18"]
["2012-09-19"]
["2012-09-20"]
["2012-09-21"]
["2012-09-22"]
["2012-09-23"]
["2012-09-24"]
["2012-09-25"]
["2012-09-26"]
["2012-09-27"]
["2012-09-28"]
["2012-09-29"]
["2012-09-30"]
["2012-10-01"]
["2012-10-02"]
["2012-10-03"]
["2012-10-04"]
["2012-10-05"]
["2012-10-06"]
["2012-10-07"]
["2012-10-08"]
["2012-10-09"]
["2012-10-10"]
["2012-10-11"]
["2012-10-12"]
["2012-10-13"]
["2012-10-14"]
["2012-10-15"]
["2012-10-16"]
["2012-10-17"]
["2012-10-18"]
["2012-10-19"]
["2012-10-20"]
["2012-10-21"]
["2012-10-22"]
["2012-10-23"]
["2012-10-24"]
["2012-10-25"]
["2012-10-26"]
["2012-10-27"]
["2012-10-28"]
["2012-10-29"]
["2012-10-30"]
["2012-10-31"]
["2012-11-01",null,null,null,null,{"$f":"VLOOKUP(A4690,KKR!A$2:B$5479,2,0)","v":0.24}]
["2012-11-02"]
["2012-11-03"]
["2012-11-04"]
["2012-11-05"]
["2012-11-06"]
["2012-11-07",{"$f":"VLOOKUP(A4696,XOM!A$2:B$5479,2,0)","v":0.56999999999999995},null,{"$f":"VLOOKUP(A4696,BP!A$2:B$5479,2,0)","v":0.54}]
["2012-11-08"]
["2012-11-09"]
["2012-11-10"]
["2012-11-11"]
["2012-11-12"]
["2012-11-13"]
["2012-11-14"]
["2012-11-15"]
["2012-11-16"]
["2012-11-17"]
["2012-11-18"]
["2012-11-19"]
["2012-11-20"]
["2012-11-21"]
["2012-11-22"]
["2012-11-23"]
["2012-11-24"]
["2012-11-25"]
["2012-11-26"]
["2012-11-27"]
["2012-11-28",null,null,null,{"$f":"VLOOKUP(A4717,KO!A$2:B$5479,2,0)","v":0.255}]
["2012-11-29",null,{"$f":"VLOOKUP(A4718,MCD!A$2:B$5479,2,0)","v":0.77}]
["2012-11-30"]
["2012-12-01"]
["2012-12-02"]
["2012-12-03"]
["2012-12-04"]
["2012-12-05"]
["2012-12-06"]
["2012-12-07"]
["2012-12-08"]
["2012-12-09"]
["2012-12-10"]
["2012-12-11"]
["2012-12-12"]
["2012-12-13"]
["2012-12-14"]
["2012-12-15"]
["2012-12-16"]
["2012-12-17"]
["2012-12-18"]
["2012-12-19"]
["2012-12-20"]
["2012-12-21"]
["2012-12-22"]
["2012-12-23"]
["2012-12-24"]
["2012-12-25"]
["2012-12-26"]
["2012-12-27"]
["2012-12-28"]
["2012-12-29"]
["2012-12-30"]
["2012-12-31"]
["2013-01-01"]
["2013-01-02"]
["2013-01-03"]
["2013-01-04"]
["2013-01-05"]
["2013-01-06"]
["2013-01-07"]
["2013-01-08"]
["2013-01-09"]
["2013-01-10"]
["2013-01-11"]
["2013-01-12"]
["2013-01-13"]
["2013-01-14"]
["2013-01-15"]
["2013-01-16"]
["2013-01-17"]
["2013-01-18"]
["2013-01-19"]
["2013-01-20"]
["2013-01-21"]
["2013-01-22"]
["2013-01-23"]
["2013-01-24"]
["2013-01-25"]
["2013-01-26"]
["2013-01-27"]
["2013-01-28"]
["2013-01-29"]
["2013-01-30"]
["2013-01-31"]
["2013-02-01"]
["2013-02-02"]
["2013-02-03"]
["2013-02-04"]
["2013-02-05"]
["2013-02-06"]
["2013-02-07",{"$f":"VLOOKUP(A4788,XOM!A$2:B$5479,2,0)","v":0.56999999999999995}]
["2013-02-08"]
["2013-02-09"]
["2013-02-10"]
["2013-02-11"]
["2013-02-12"]
["2013-02-13",null,null,{"$f":"VLOOKUP(A4794,BP!A$2:B$5479,2,0)","v":0.54}]
["2013-02-14",null,null,null,null,{"$f":"VLOOKUP(A4795,KKR!A$2:B$5479,2,0)","v":0.7}]
["2013-02-15"]
["2013-02-16"]
["2013-02-17"]
["2013-02-18"]
["2013-02-19"]
["2013-02-20"]
["2013-02-21"]
["2013-02-22"]
["2013-02-23"]
["2013-02-24"]
["2013-02-25"]
["2013-02-26"]
["2013-02-27",null,{"$f":"VLOOKUP(A4808,MCD!A$2:B$5479,2,0)","v":0.77}]
["2013-02-28"]
["2013-03-01"]
["2013-03-02"]
["2013-03-03"]
["2013-03-04"]
["2013-03-05"]
["2013-03-06"]
["2013-03-07"]
["2013-03-08"]
["2013-03-09"]
["2013-03-10"]
["2013-03-11"]
["2013-03-12"]
["2013-03-13",null,null,null,{"$f":"VLOOKUP(A4822,KO!A$2:B$5479,2,0)","v":0.28000000000000003}]
["2013-03-14"]
["2013-03-15"]
["2013-03-16"]
["2013-03-17"]
["2013-03-18"]
["2013-03-19"]
["2013-03-20"]
["2013-03-21"]
["2013-03-22"]
["2013-03-23"]
["2013-03-24"]
["2013-03-25"]
["2013-03-26"]
["2013-03-27"]
["2013-03-28"]
["2013-03-29"]
["2013-03-30"]
["2013-03-31"]
["2013-04-01"]
["2013-04-02"]
["2013-04-03"]
["2013-04-04"]
["2013-04-05"]
["2013-04-06"]
["2013-04-07"]
["2013-04-08"]
["2013-04-09"]
["2013-04-10"]
["2013-04-11"]
["2013-04-12"]
["2013-04-13"]
["2013-04-14"]
["2013-04-15"]
["2013-04-16"]
["2013-04-17"]
["2013-04-18"]
["2013-04-19"]
["2013-04-20"]
["2013-04-21"]
["2013-04-22"]
["2013-04-23"]
["2013-04-24"]
["2013-04-25"]
["2013-04-26"]
["2013-04-27"]
["2013-04-28"]
["2013-04-29"]
["2013-04-30"]
["2013-05-01"]
["2013-05-02",null,null,null,null,{"$f":"VLOOKUP(A4872,KKR!A$2:B$5479,2,0)","v":0.27}]
["2013-05-03"]
["2013-05-04"]
["2013-05-05"]
["2013-05-06"]
["2013-05-07"]
["2013-05-08",null,null,{"$f":"VLOOKUP(A4878,BP!A$2:B$5479,2,0)","v":0.54}]
["2013-05-09",{"$f":"VLOOKUP(A4879,XOM!A$2:B$5479,2,0)","v":0.63}]
["2013-05-10"]
["2013-05-11"]
["2013-05-12"]
["2013-05-13"]
["2013-05-14"]
["2013-05-15"]
["2013-05-16"]
["2013-05-17"]
["2013-05-18"]
["2013-05-19"]
["2013-05-20"]
["2013-05-21"]
["2013-05-22"]
["2013-05-23"]
["2013-05-24"]
["2013-05-25"]
["2013-05-26"]
["2013-05-27"]
["2013-05-28"]
["2013-05-29"]
["2013-05-30",null,{"$f":"VLOOKUP(A4900,MCD!A$2:B$5479,2,0)","v":0.77}]
["2013-05-31"]
["2013-06-01"]
["2013-06-02"]
["2013-06-03"]
["2013-06-04"]
["2013-06-05"]
["2013-06-06"]
["2013-06-07"]
["2013-06-08"]
["2013-06-09"]
["2013-06-10"]
["2013-06-11"]
["2013-06-12",null,null,null,{"$f":"VLOOKUP(A4913,KO!A$2:B$5479,2,0)","v":0.28000000000000003}]
["2013-06-13"]
["2013-06-14"]
["2013-06-15"]
["2013-06-16"]
["2013-06-17"]
["2013-06-18"]
["2013-06-19"]
["2013-06-20"]
["2013-06-21"]
["2013-06-22"]
["2013-06-23"]
["2013-06-24"]
["2013-06-25"]
["2013-06-26"]
["2013-06-27"]
["2013-06-28"]
["2013-06-29"]
["2013-06-30"]
["2013-07-01"]
["2013-07-02"]
["2013-07-03"]
["2013-07-04"]
["2013-07-05"]
["2013-07-06"]
["2013-07-07"]
["2013-07-08"]
["2013-07-09"]
["2013-07-10"]
["2013-07-11"]
["2013-07-12"]
["2013-07-13"]
["2013-07-14"]
["2013-07-15"]
["2013-07-16"]
["2013-07-17"]
["2013-07-18"]
["2013-07-19"]
["2013-07-20"]
["2013-07-21"]
["2013-07-22"]
["2013-07-23"]
["2013-07-24"]
["2013-07-25"]
["2013-07-26"]
["2013-07-27"]
["2013-07-28"]
["2013-07-29"]
["2013-07-30"]
["2013-07-31"]
["2013-08-01",null,null,null,null,{"$f":"VLOOKUP(A4963,KKR!A$2:B$5479,2,0)","v":0.42}]
["2013-08-02"]
["2013-08-03"]
["2013-08-04"]
["2013-08-05"]
["2013-08-06"]
["2013-08-07",null,null,{"$f":"VLOOKUP(A4969,BP!A$2:B$5479,2,0)","v":0.54}]
["2013-08-08"]
["2013-08-09",{"$f":"VLOOKUP(A4971,XOM!A$2:B$5479,2,0)","v":0.63}]
["2013-08-10"]
["2013-08-11"]
["2013-08-12"]
["2013-08-13"]
["2013-08-14"]
["2013-08-15"]
["2013-08-16"]
["2013-08-17"]
["2013-08-18"]
["2013-08-19"]
["2013-08-20"]
["2013-08-21"]
["2013-08-22"]
["2013-08-23"]
["2013-08-24"]
["2013-08-25"]
["2013-08-26"]
["2013-08-27"]
["2013-08-28"]
["2013-08-29",null,{"$f":"VLOOKUP(A4991,MCD!A$2:B$5479,2,0)","v":0.77}]
["2013-08-30"]
["2013-08-31"]
["2013-09-01"]
["2013-09-02"]
["2013-09-03"]
["2013-09-04"]
["2013-09-05"]
["2013-09-06"]
["2013-09-07"]
["2013-09-08"]
["2013-09-09"]
["2013-09-10"]
["2013-09-11"]
["2013-09-12",null,null,null,{"$f":"VLOOKUP(A5005,KO!A$2:B$5479,2,0)","v":0.28000000000000003}]
["2013-09-13"]
["2013-09-14"]
["2013-09-15"]
["2013-09-16"]
["2013-09-17"]
["2013-09-18"]
["2013-09-19"]
["2013-09-20"]
["2013-09-21"]
["2013-09-22"]
["2013-09-23"]
["2013-09-24"]
["2013-09-25"]
["2013-09-26"]
["2013-09-27"]
["2013-09-28"]
["2013-09-29"]
["2013-09-30"]
["2013-10-01"]
["2013-10-02"]
["2013-10-03"]
["2013-10-04"]
["2013-10-05"]
["2013-10-06"]
["2013-10-07"]
["2013-10-08"]
["2013-10-09"]
["2013-10-10"]
["2013-10-11"]
["2013-10-12"]
["2013-10-13"]
["2013-10-14"]
["2013-10-15"]
["2013-10-16"]
["2013-10-17"]
["2013-10-18"]
["2013-10-19"]
["2013-10-20"]
["2013-10-21"]
["2013-10-22"]
["2013-10-23"]
["2013-10-24"]
["2013-10-25"]
["2013-10-26"]
["2013-10-27"]
["2013-10-28"]
["2013-10-29"]
["2013-10-30"]
["2013-10-31",null,null,null,null,{"$f":"VLOOKUP(A5054,KKR!A$2:B$5479,2,0)","v":0.23}]
["2013-11-01"]
["2013-11-02"]
["2013-11-03"]
["2013-11-04"]
["2013-11-05"]
["2013-11-06",null,null,{"$f":"VLOOKUP(A5060,BP!A$2:B$5479,2,0)","v":0.56999999999999995}]
["2013-11-07",{"$f":"VLOOKUP(A5061,XOM!A$2:B$5479,2,0)","v":0.63}]
["2013-11-08"]
["2013-11-09"]
["2013-11-10"]
["2013-11-11"]
["2013-11-12"]
["2013-11-13"]
["2013-11-14"]
["2013-11-15"]
["2013-11-16"]
["2013-11-17"]
["2013-11-18"]
["2013-11-19"]
["2013-11-20"]
["2013-11-21"]
["2013-11-22"]
["2013-11-23"]
["2013-11-24"]
["2013-11-25"]
["2013-11-26"]
["2013-11-27",null,{"$f":"VLOOKUP(A5081,MCD!A$2:B$5479,2,0)","v":0.81},null,{"$f":"VLOOKUP(A5081,KO!A$2:B$5479,2,0)","v":0.28000000000000003}]
["2013-11-28"]
["2013-11-29"]
["2013-11-30"]
["2013-12-01"]
["2013-12-02"]
["2013-12-03"]
["2013-12-04"]
["2013-12-05"]
["2013-12-06"]
["2013-12-07"]
["2013-12-08"]
["2013-12-09"]
["2013-12-10"]
["2013-12-11"]
["2013-12-12"]
["2013-12-13"]
["2013-12-14"]
["2013-12-15"]
["2013-12-16"]
["2013-12-17"]
["2013-12-18"]
["2013-12-19"]
["2013-12-20"]
["2013-12-21"]
["2013-12-22"]
["2013-12-23"]
["2013-12-24"]
["2013-12-25"]
["2013-12-26"]
["2013-12-27"]
["2013-12-28"]
["2013-12-29"]
["2013-12-30"]
["2013-12-31"]
["2014-01-01"]
["2014-01-02"]
["2014-01-03"]
["2014-01-04"]
["2014-01-05"]
["2014-01-06"]
["2014-01-07"]
["2014-01-08"]
["2014-01-09"]
["2014-01-10"]
["2014-01-11"]
["2014-01-12"]
["2014-01-13"]
["2014-01-14"]
["2014-01-15"]
["2014-01-16"]
["2014-01-17"]
["2014-01-18"]
["2014-01-19"]
["2014-01-20"]
["2014-01-21"]
["2014-01-22"]
["2014-01-23"]
["2014-01-24"]
["2014-01-25"]
["2014-01-26"]
["2014-01-27"]
["2014-01-28"]
["2014-01-29"]
["2014-01-30"]
["2014-01-31"]
["2014-02-01"]
["2014-02-02"]
["2014-02-03"]
["2014-02-04"]
["2014-02-05"]
["2014-02-06",{"$f":"VLOOKUP(A5152,XOM!A$2:B$5479,2,0)","v":0.63}]
["2014-02-07"]
["2014-02-08"]
["2014-02-09"]
["2014-02-10"]
["2014-02-11"]
["2014-02-12",null,null,{"$f":"VLOOKUP(A5158,BP!A$2:B$5479,2,0)","v":0.56999999999999995}]
["2014-02-13",null,null,null,null,{"$f":"VLOOKUP(A5159,KKR!A$2:B$5479,2,0)","v":0.48}]
["2014-02-14"]
["2014-02-15"]
["2014-02-16"]
["2014-02-17"]
["2014-02-18"]
["2014-02-19"]
["2014-02-20"]
["2014-02-21"]
["2014-02-22"]
["2014-02-23"]
["2014-02-24"]
["2014-02-25"]
["2014-02-26"]
["2014-02-27",null,{"$f":"VLOOKUP(A5173,MCD!A$2:B$5479,2,0)","v":0.81}]
["2014-02-28"]
["2014-03-01"]
["2014-03-02"]
["2014-03-03"]
["2014-03-04"]
["2014-03-05"]
["2014-03-06"]
["2014-03-07"]
["2014-03-08"]
["2014-03-09"]
["2014-03-10"]
["2014-03-11"]
["2014-03-12",null,null,null,{"$f":"VLOOKUP(A5186,KO!A$2:B$5479,2,0)","v":0.30499999999999999}]
["2014-03-13"]
["2014-03-14"]
["2014-03-15"]
["2014-03-16"]
["2014-03-17"]
["2014-03-18"]
["2014-03-19"]
["2014-03-20"]
["2014-03-21"]
["2014-03-22"]
["2014-03-23"]
["2014-03-24"]
["2014-03-25"]
["2014-03-26"]
["2014-03-27"]
["2014-03-28"]
["2014-03-29"]
["2014-03-30"]
["2014-03-31"]
["2014-04-01"]
["2014-04-02"]
["2014-04-03"]
["2014-04-04"]
["2014-04-05"]
["2014-04-06"]
["2014-04-07"]
["2014-04-08"]
["2014-04-09"]
["2014-04-10"]
["2014-04-11"]
["2014-04-12"]
["2014-04-13"]
["2014-04-14"]
["2014-04-15"]
["2014-04-16"]
["2014-04-17"]
["2014-04-18"]
["2014-04-19"]
["2014-04-20"]
["2014-04-21"]
["2014-04-22"]
["2014-04-23"]
["2014-04-24"]
["2014-04-25"]
["2014-04-26"]
["2014-04-27"]
["2014-04-28"]
["2014-04-29"]
["2014-04-30"]
["2014-05-01"]
["2014-05-02"]
["2014-05-03"]
["2014-05-04"]
["2014-05-05"]
["2014-05-06"]
["2014-05-07",null,null,{"$f":"VLOOKUP(A5242,BP!A$2:B$5479,2,0)","v":0.58499999999999996},null,{"$f":"VLOOKUP(A5242,KKR!A$2:B$5479,2,0)","v":0.43}]
["2014-05-08"]
["2014-05-09",{"$f":"VLOOKUP(A5244,XOM!A$2:B$5479,2,0)","v":0.69}]
["2014-05-10"]
["2014-05-11"]
["2014-05-12"]
["2014-05-13"]
["2014-05-14"]
["2014-05-15"]
["2014-05-16"]
["2014-05-17"]
["2014-05-18"]
["2014-05-19"]
["2014-05-20"]
["2014-05-21"]
["2014-05-22"]
["2014-05-23"]
["2014-05-24"]
["2014-05-25"]
["2014-05-26"]
["2014-05-27"]
["2014-05-28"]
["2014-05-29",null,{"$f":"VLOOKUP(A5264,MCD!A$2:B$5479,2,0)","v":0.81}]
["2014-05-30"]
["2014-05-31"]
["2014-06-01"]
["2014-06-02"]
["2014-06-03"]
["2014-06-04"]
["2014-06-05"]
["2014-06-06"]
["2014-06-07"]
["2014-06-08"]
["2014-06-09"]
["2014-06-10"]
["2014-06-11"]
["2014-06-12",null,null,null,{"$f":"VLOOKUP(A5278,KO!A$2:B$5479,2,0)","v":0.30499999999999999}]
["2014-06-13"]
["2014-06-14"]
["2014-06-15"]
["2014-06-16"]
["2014-06-17"]
["2014-06-18"]
["2014-06-19"]
["2014-06-20"]
["2014-06-21"]
["2014-06-22"]
["2014-06-23"]
["2014-06-24"]
["2014-06-25"]
["2014-06-26"]
["2014-06-27"]
["2014-06-28"]
["2014-06-29"]
["2014-06-30"]
["2014-07-01"]
["2014-07-02"]
["2014-07-03"]
["2014-07-04"]
["2014-07-05"]
["2014-07-06"]
["2014-07-07"]
["2014-07-08"]
["2014-07-09"]
["2014-07-10"]
["2014-07-11"]
["2014-07-12"]
["2014-07-13"]
["2014-07-14"]
["2014-07-15"]
["2014-07-16"]
["2014-07-17"]
["2014-07-18"]
["2014-07-19"]
["2014-07-20"]
["2014-07-21"]
["2014-07-22"]
["2014-07-23"]
["2014-07-24"]
["2014-07-25"]
["2014-07-26"]
["2014-07-27"]
["2014-07-28"]
["2014-07-29"]
["2014-07-30"]
["2014-07-31",null,null,null,null,{"$f":"VLOOKUP(A5327,KKR!A$2:B$5479,2,0)","v":0.67}]
["2014-08-01"]
["2014-08-02"]
["2014-08-03"]
["2014-08-04"]
["2014-08-05"]
["2014-08-06",null,null,{"$f":"VLOOKUP(A5333,BP!A$2:B$5479,2,0)","v":0.58499999999999996}]
["2014-08-07"]
["2014-08-08"]
["2014-08-09"]
["2014-08-10"]
["2014-08-11",{"$f":"VLOOKUP(A5338,XOM!A$2:B$5479,2,0)","v":0.69}]
["2014-08-12"]
["2014-08-13"]
["2014-08-14"]
["2014-08-15"]
["2014-08-16"]
["2014-08-17"]
["2014-08-18"]
["2014-08-19"]
["2014-08-20"]
["2014-08-21"]
["2014-08-22"]
["2014-08-23"]
["2014-08-24"]
["2014-08-25"]
["2014-08-26"]
["2014-08-27"]
["2014-08-28",null,{"$f":"VLOOKUP(A5355,MCD!A$2:B$5479,2,0)","v":0.81}]
["2014-08-29"]
["2014-08-30"]
["2014-08-31"]
["2014-09-01"]
["2014-09-02"]
["2014-09-03"]
["2014-09-04"]
["2014-09-05"]
["2014-09-06"]
["2014-09-07"]
["2014-09-08"]
["2014-09-09"]
["2014-09-10"]
["2014-09-11",null,null,null,{"$f":"VLOOKUP(A5369,KO!A$2:B$5479,2,0)","v":0.30499999999999999}]
["2014-09-12"]
["2014-09-13"]
["2014-09-14"]
["2014-09-15"]
["2014-09-16"]
["2014-09-17"]
["2014-09-18"]
["2014-09-19"]
["2014-09-20"]
["2014-09-21"]
["2014-09-22"]
["2014-09-23"]
["2014-09-24"]
["2014-09-25"]
["2014-09-26"]
["2014-09-27"]
["2014-09-28"]
["2014-09-29"]
["2014-09-30"]
["2014-10-01"]
["2014-10-02"]
["2014-10-03"]
["2014-10-04"]
["2014-10-05"]
["2014-10-06"]
["2014-10-07"]
["2014-10-08"]
["2014-10-09"]
["2014-10-10"]
["2014-10-11"]
["2014-10-12"]
["2014-10-13"]
["2014-10-14"]
["2014-10-15"]
["2014-10-16"]
["2014-10-17"]
["2014-10-18"]
["2014-10-19"]
["2014-10-20"]
["2014-10-21"]
["2014-10-22"]
["2014-10-23"]
["2014-10-24"]
["2014-10-25"]
["2014-10-26"]
["2014-10-27"]
["2014-10-28"]
["2014-10-29"]
["2014-10-30",null,null,null,null,{"$f":"VLOOKUP(A5418,KKR!A$2:B$5479,2,0)","v":0.45}]
["2014-10-31"]
["2014-11-01"]
["2014-11-02"]
["2014-11-03"]
["2014-11-04"]
["2014-11-05",null,null,{"$f":"VLOOKUP(A5424,BP!A$2:B$5479,2,0)","v":0.6}]
["2014-11-06"]
["2014-11-07",{"$f":"VLOOKUP(A5426,XOM!A$2:B$5479,2,0)","v":0.69}]
["2014-11-08"]
["2014-11-09"]
["2014-11-10"]
["2014-11-11"]
["2014-11-12"]
["2014-11-13"]
["2014-11-14"]
["2014-11-15"]
["2014-11-16"]
["2014-11-17"]
["2014-11-18"]
["2014-11-19"]
["2014-11-20"]
["2014-11-21"]
["2014-11-22"]
["2014-11-23"]
["2014-11-24"]
["2014-11-25"]
["2014-11-26",null,{"$f":"VLOOKUP(A5445,MCD!A$2:B$5479,2,0)","v":0.85},null,{"$f":"VLOOKUP(A5445,KO!A$2:B$5479,2,0)","v":0.30499999999999999}]
["2014-11-27"]
["2014-11-28"]
["2014-11-29"]
["2014-11-30"]
["2014-12-01"]
["2014-12-02"]
["2014-12-03"]
["2014-12-04"]
["2014-12-05"]
["2014-12-06"]
["2014-12-07"]
["2014-12-08"]
["2014-12-09"]
["2014-12-10"]
["2014-12-11"]
["2014-12-12"]
["2014-12-13"]
["2014-12-14"]
["2014-12-15"]
["2014-12-16"]
["2014-12-17"]
["2014-12-18"]
["2014-12-19"]
["2014-12-20"]
["2014-12-21"]
["2014-12-22"]
["2014-12-23"]
["2014-12-24"]
["2014-12-25"]
["2014-12-26"]
["2014-12-27"]
["2014-12-28"]
["2014-12-29"]
["2014-12-30"]
["2014-12-31"]